000
CDUS46 KSTO 250847
CLISAC

CLIMATE REPORT
NATIONAL WEATHER SERVICE SACRAMENTO, CA
146 AM PDT SAT APR 25 2015


...................................

...THE SACRAMENTO EXEC. AIRPORT CA CLIMATE SUMMARY FOR APRIL 24 2015...

CLIMATE NORMAL PERIOD 1981 TO 2010
CLIMATE RECORD PERIOD 1930 TO 2015


WEATHER ITEM   OBSERVED TIME   RECORD YEAR NORMAL DEPARTURE LAST
                VALUE   (LST)  VALUE       VALUE  FROM      YEAR
                                                  NORMAL
..................................................................
TEMPERATURE (F)
 YESTERDAY
  MAXIMUM         72    213 PM  90    2013  74     -2       73
  MINIMUM         53   1159 PM  36    2008  47      6       50
                                      1964
  AVERAGE         63

PRECIPITATION (IN)
  YESTERDAY        0.46R         0.46 1972   0.04   0.42      T
  MONTH TO DATE    1.50                      0.98   0.52     1.38
  SINCE OCT 1     14.92                     17.12  -2.20     8.75
  SINCE JAN 1      4.54                     10.84  -6.30     7.44

SNOWFALL (IN)
  YESTERDAY        0.0          MM      MM   0.0             0.0
  MONTH TO DATE    0.0                       0.0             0.0
  SINCE MAR 1      0.0                       0.0             0.0
  SINCE JUL 1      0.0                       0.0             0.0

DEGREE DAYS
 HEATING
  YESTERDAY        2

 COOLING
  YESTERDAY        0
..................................................................


WIND (MPH)
  RESULTANT WIND SPEED   8   RESULTANT WIND DIRECTION  SW (210)
  HIGHEST WIND SPEED    21   HIGHEST WIND DIRECTION    SW (230)
  HIGHEST GUST SPEED    29   HIGHEST GUST DIRECTION    SW (230)


SKY COVER
  POSSIBLE SUNSHINE  MM
  AVERAGE SKY COVER 0.4


WEATHER CONDITIONS
 THE FOLLOWING WEATHER WAS RECORDED YESTERDAY.
  HEAVY RAIN
  RAIN
  LIGHT RAIN
  FOG


RELATIVE HUMIDITY (PERCENT)
 HIGHEST    89
 LOWEST     29
 AVERAGE    59

..........................................................


THE SACRAMENTO EXEC. AIRPORT CA CLIMATE NORMALS FOR TODAY
                         NORMAL    RECORD    YEAR
 MAXIMUM TEMPERATURE (F)   74        89      2004
 MINIMUM TEMPERATURE (F)   47        36      1975


SUNRISE AND SUNSET
APRIL 25 2015.........SUNRISE   617 AM PDT   SUNSET   752 PM PDT
APRIL 26 2015.........SUNRISE   615 AM PDT   SUNSET   753 PM PDT


-  INDICATES NEGATIVE NUMBERS.
R  INDICATES RECORD WAS SET OR TIED.
MM INDICATES DATA IS MISSING.
T  INDICATES TRACE AMOUNT.

&&
....................................................................

SACRAMENTO CITY CLIMATE DATA FOR FRIDAY APRIL 24 2015

HIGH...   73  RECORD HIGH    94 IN 1946    NORMAL    HIGH   75
LOW....   52  RECORD LOW     38 IN 1964    NORMAL    LOW    50

RAIN SINCE MIDNIGHT....  0.54   RECORD THIS DATE.......  1.9 IN 1896
TOTAL THIS MONTH.......  1.40   NORMAL SINCE OCT 1ST.........  18.74
TOTAL SINCE OCT 1ST... 13.13   PERCENT OF NORMAL.............  70%

$$
