000
CDUS43 KIWX 250525
CLISBN


CLIMATE REPORT
NATIONAL WEATHER SERVICE NORTHERN INDIANA
123 AM EDT SAT APR 25 2015


...................................

...THE SOUTH BEND CLIMATE SUMMARY FOR APRIL 24 2015...

CLIMATE NORMAL PERIOD 1981 TO 2010
CLIMATE RECORD PERIOD 1893 TO 2015


WEATHER ITEM   OBSERVED TIME   RECORD YEAR NORMAL DEPARTURE LAST
                VALUE   (LST)  VALUE       VALUE  FROM      YEAR
                                                  NORMAL
..................................................................
TEMPERATURE (F)
 YESTERDAY
  MAXIMUM         61    407 PM  85    2009  63     -2       61
                                      1994
                                      1990
  MINIMUM         29    241 AM  25    1930  42    -13       46
  AVERAGE         45                        52     -7       54

PRECIPITATION (IN)
  YESTERDAY        0.07          1.64 1976   0.11  -0.04     0.05
  MONTH TO DATE    2.14                      2.55  -0.41     1.94
  SINCE MAR 1      2.92                      4.97  -2.05     3.63
  SINCE JAN 1      6.82                      9.21  -2.39     9.57

SNOWFALL (IN)
  YESTERDAY        0.0           1.4  1968   0.0    0.0      0.0
  MONTH TO DATE    T                         1.3   -1.3      1.1
  SINCE MAR 1      6.1                       8.4   -2.3     12.9
  SINCE JUL 1     83.9                      66.5   17.4    106.9
  SNOW DEPTH       0

DEGREE DAYS
 HEATING
  YESTERDAY       20                        13      7       11
  MONTH TO DATE  322                       416    -94      400
  SINCE MAR 1   1264                      1271     -7     1476
  SINCE JUL 1   6361                      5960    401     6659

 COOLING
  YESTERDAY        0                         0      0        0
  MONTH TO DATE    2                         0      2        2
  SINCE MAR 1      2                         1      1        2
  SINCE JAN 1      2                         1      1        2
..................................................................


WIND (MPH)
  HIGHEST WIND SPEED    16   HIGHEST WIND DIRECTION     E (100)
  HIGHEST GUST SPEED    23   HIGHEST GUST DIRECTION     E (100)
  AVERAGE WIND SPEED     5.1


SKY COVER
  AVERAGE SKY COVER 0.4


WEATHER CONDITIONS
 THE FOLLOWING WEATHER WAS RECORDED YESTERDAY.
  LIGHT RAIN


RELATIVE HUMIDITY (PERCENT)
 HIGHEST    69           300 AM
 LOWEST     15           300 PM
 AVERAGE    42

..........................................................


THE SOUTH BEND CLIMATE NORMALS FOR TODAY
                         NORMAL    RECORD    YEAR
 MAXIMUM TEMPERATURE (F)   63        87      1990
 MINIMUM TEMPERATURE (F)   42        23      1919


SUNRISE AND SUNSET
APRIL 25 2015.........SUNRISE   651 AM EDT   SUNSET   837 PM EDT
APRIL 26 2015.........SUNRISE   649 AM EDT   SUNSET   838 PM EDT


-  INDICATES NEGATIVE NUMBERS.
R  INDICATES RECORD WAS SET OR TIED.
MM INDICATES DATA IS MISSING.
T  INDICATES TRACE AMOUNT.




$$
