000
CDUS46 KMTR 270835
CLISFD


CLIMATE REPORT
NATIONAL WEATHER SERVICE SAN FRANCISCO BAY AREA
135 AM PDT MON APR 27 2015


...................................

...THE SAN FRANCISCO DWTN CA CLIMATE SUMMARY FOR APRIL 26 2015...

CLIMATE NORMAL PERIOD 1981 TO 2010
CLIMATE RECORD PERIOD 1850 TO 2015


WEATHER ITEM   OBSERVED TIME   RECORD YEAR NORMAL DEPARTURE LAST
                VALUE   (LST)  VALUE       VALUE  FROM      YEAR
                                                  NORMAL
..................................................................
TEMPERATURE (F)
 YESTERDAY
  MAXIMUM         67    243 PM  91    2004  64      3       58
  MINIMUM         51    643 AM  44    1892  50      1       47
  AVERAGE         59                        57      2       53

PRECIPITATION (IN)
  YESTERDAY        0.00          0.66 1944   0.04  -0.04     0.00
  MONTH TO DATE    1.30                      1.33  -0.03     1.55
  SINCE OCT 1     17.34                     22.39  -5.05    12.03
  SINCE JAN 1      2.89                     13.55 -10.66    10.38

DEGREE DAYS
 HEATING
  YESTERDAY        6                        MM     MM       12
  MONTH TO DATE  191                        MM     MM      206
  SINCE MAR 1    349                        MM     MM      405
  SINCE JUL 1   1423                        MM     MM     2068

 COOLING
  YESTERDAY        0                        MM     MM        0
  MONTH TO DATE    2                         0      2        3
  SINCE MAR 1     10                         0     10        4
  SINCE JAN 1     10                         0     10        4
..................................................................







THE SAN FRANCISCO DWTN CA CLIMATE NORMALS FOR TODAY
                         NORMAL    RECORD    YEAR
 MAXIMUM TEMPERATURE (F)   64        86      1921
 MINIMUM TEMPERATURE (F)   50        42      1894


SUNRISE AND SUNSET
APRIL 27 2015.........SUNRISE   619 AM PDT   SUNSET   756 PM PDT
APRIL 28 2015.........SUNRISE   618 AM PDT   SUNSET   757 PM PDT


-  INDICATES NEGATIVE NUMBERS.
R  INDICATES RECORD WAS SET OR TIED.
MM INDICATES DATA IS MISSING.
T  INDICATES TRACE AMOUNT.




$$
