000
CDUS43 KSGF 062227
CLISGF


CLIMATE REPORT
NATIONAL WEATHER SERVICE SPRINGFIELD MO
526 PM CDT WED MAY 6 2015


...................................

...THE SPRINGFIELD MO CLIMATE SUMMARY FOR MAY 6 2015...
VALID TODAY AS OF 0500 PM LOCAL TIME.

CLIMATE NORMAL PERIOD 1981 TO 2010
CLIMATE RECORD PERIOD 1888 TO 2015


WEATHER ITEM   OBSERVED TIME   RECORD YEAR NORMAL DEPARTURE LAST
                VALUE   (LST)  VALUE       VALUE  FROM      YEAR
                                                  NORMAL
..................................................................
TEMPERATURE (F)
 TODAY
  MAXIMUM         79    244 PM  90    1952  73      6       87
  MINIMUM         60    855 AM  29    1944  51      9       62
  AVERAGE         70                        62      8       75

PRECIPITATION (IN)
  TODAY            0.12          2.96 1994   0.17  -0.05     0.00
  MONTH TO DATE    0.12                      1.06  -0.94     0.00
  SINCE MAR 1      6.69                      9.00  -2.31     4.41
  SINCE JAN 1      9.29                     13.99  -4.70     6.20

SNOWFALL (IN)
  TODAY            0.0
  MONTH TO DATE    0.0
  SINCE MAR 1      1.2
  SINCE JUL 1     15.8
  SNOW DEPTH       0

DEGREE DAYS
 HEATING
  TODAY            0                         5     -5        0
  MONTH TO DATE    8                        31    -23       35
  SINCE MAR 1    773                       912   -139      988
  SINCE JUL 1   4480                      4505    -25     4943

 COOLING
  TODAY            5                         2      3       10
  MONTH TO DATE   21                         7     14       32
  SINCE MAR 1     43                        32     11       46
  SINCE JAN 1     43                        32     11       46
..................................................................


WIND (MPH)
  HIGHEST WIND SPEED    26   HIGHEST WIND DIRECTION     S (160)
  HIGHEST GUST SPEED    36   HIGHEST GUST DIRECTION     S (190)


SKY COVER
  AVERAGE SKY COVER 0.6


WEATHER CONDITIONS
 THE FOLLOWING WEATHER WAS RECORDED TODAY.
  RAIN
  LIGHT RAIN
  FOG


RELATIVE HUMIDITY (PERCENT)
 HIGHEST    90           900 AM
 LOWEST     43           400 PM
 AVERAGE    67

..........................................................


THE SPRINGFIELD MO CLIMATE NORMALS FOR TOMORROW
                         NORMAL    RECORD    YEAR
 MAXIMUM TEMPERATURE (F)   73        88      1934
 MINIMUM TEMPERATURE (F)   52        31      1989


SUNRISE AND SUNSET
MAY  6 2015...........SUNRISE   614 AM CDT   SUNSET   807 PM CDT
MAY  7 2015...........SUNRISE   613 AM CDT   SUNSET   808 PM CDT


-  INDICATES NEGATIVE NUMBERS.
R  INDICATES RECORD WAS SET OR TIED.
MM INDICATES DATA IS MISSING.
T  INDICATES TRACE AMOUNT.




$$
