000
CDUS45 KBYZ 272231
CLISHR


CLIMATE REPORT
NATIONAL WEATHER SERVICE BILLINGS MT
429 PM MDT MON APR 27 2015


...................................

...THE SHERIDAN WY CLIMATE SUMMARY FOR APRIL 27 2015...
VALID TODAY AS OF 0400 PM LOCAL TIME.

CLIMATE NORMAL PERIOD 1981 TO 2010
CLIMATE RECORD PERIOD 1907 TO 2015


WEATHER ITEM   OBSERVED TIME   RECORD YEAR NORMAL DEPARTURE LAST
                VALUE   (LST)  VALUE       VALUE  FROM      YEAR
                                                  NORMAL
..................................................................
TEMPERATURE (F)
 TODAY
  MAXIMUM         54    227 PM  83    1987  61     -7       51
                                      1910
  MINIMUM         35    130 AM  12    1918  33      2       37
  AVERAGE         45                        47     -2       44

PRECIPITATION (IN)
  TODAY            0.00          2.76        0.07  -0.07     0.07
  MONTH TO DATE    1.37                      1.38  -0.01     1.43
  SINCE OCT 1      5.89                      6.14  -0.25     8.73
  SINCE JAN 1      3.50                      3.46   0.04     4.97

DEGREE DAYS
 HEATING
  TODAY           20                        18      2       21
  MONTH TO DATE  572                       589    -17      563
  SINCE MAR 1   1273                      1513   -240     1552
  SINCE JUL 1   6503                      7048   -545     7302

 COOLING
  TODAY            0                         0      0        0
  MONTH TO DATE    0                         0      0        0
  SINCE MAR 1      0                         0      0        0
  SINCE JAN 1      0                         0      0        0
..................................................................


WIND (MPH)
  HIGHEST WIND SPEED    12   HIGHEST WIND DIRECTION     S (170)
  HIGHEST GUST SPEED    14   HIGHEST GUST DIRECTION     S (170)
  AVERAGE WIND SPEED     3.8


SKY COVER
  POSSIBLE SUNSHINE  MM
  AVERAGE SKY COVER 0.9


WEATHER CONDITIONS
 THE FOLLOWING WEATHER WAS RECORDED TODAY.
  NO SIGNIFICANT WEATHER WAS OBSERVED.


RELATIVE HUMIDITY (PERCENT)
 HIGHEST    92          1200 AM
 LOWEST     54           200 PM
 AVERAGE    73

..........................................................


THE SHERIDAN WY CLIMATE NORMALS FOR TOMORROW
                         NORMAL    RECORD    YEAR
 MAXIMUM TEMPERATURE (F)   61        85      1910
 MINIMUM TEMPERATURE (F)   33        15      1984


SUNRISE AND SUNSET
APRIL 27 2015.........SUNRISE   604 AM MDT   SUNSET   808 PM MDT
APRIL 28 2015.........SUNRISE   603 AM MDT   SUNSET   809 PM MDT


-  INDICATES NEGATIVE NUMBERS.
R  INDICATES RECORD WAS SET OR TIED.
MM INDICATES DATA IS MISSING.
T  INDICATES TRACE AMOUNT.




$$
