000
CDUS46 KMTR 040026
CLISJC


CLIMATE REPORT
NATIONAL WEATHER SERVICE SAN FRANCISCO BAY AREA
526 PM PDT SUN MAY 3 2015


...................................

...THE SAN JOSE CA CLIMATE SUMMARY FOR MAY 3 2015...
VALID TODAY AS OF 0500 PM LOCAL TIME.

CLIMATE NORMAL PERIOD 1981 TO 2010
CLIMATE RECORD PERIOD 1893 TO 2015


WEATHER ITEM   OBSERVED TIME   RECORD YEAR NORMAL DEPARTURE LAST
                VALUE   (LST)  VALUE       VALUE  FROM      YEAR
                                                  NORMAL
..................................................................
TEMPERATURE (F)
 TODAY
  MAXIMUM         70    207 PM  90    2013  74     -4       69
                                      1992
  MINIMUM         51    529 AM  34    1894  51      0       54
  AVERAGE         61                        62     -1       62

PRECIPITATION (IN)
  TODAY            0.00          0.35 1998   0.02  -0.02     0.00
  MONTH TO DATE    0.00                      0.07  -0.07     0.00
  SINCE OCT 1     12.76                     14.26  -1.50     5.68
  SINCE JAN 1      2.81                      9.48  -6.67     4.78

SNOWFALL (IN)
  TODAY            0.0           0.0  1947
  MONTH TO DATE    0.0
  SINCE MAR 1      0.0
  SINCE JUL 1      0.0

DEGREE DAYS
 HEATING
  TODAY            4                         4      0        3
  MONTH TO DATE    6                        12     -6        3
  SINCE MAR 1    307                       453   -146      309
  SINCE JUL 1   1527                      1916   -389     1850

 COOLING
  TODAY            0                         1     -1        0
  MONTH TO DATE    6                         3      3       14
  SINCE MAR 1     27                        22      5       42
  SINCE JAN 1     27                        22      5       42
..................................................................


WIND (MPH)
  RESULTANT WIND SPEED   2   RESULTANT WIND DIRECTION  SW (210)
  HIGHEST WIND SPEED    17   HIGHEST WIND DIRECTION    NW (310)
  HIGHEST GUST SPEED    23   HIGHEST GUST DIRECTION    NW (300)
  AVERAGE WIND SPEED     8.7


SKY COVER
  POSSIBLE SUNSHINE  MM
  AVERAGE SKY COVER 0.2


WEATHER CONDITIONS
 THE FOLLOWING WEATHER WAS RECORDED TODAY.
  NO SIGNIFICANT WEATHER WAS OBSERVED.


RELATIVE HUMIDITY (PERCENT)
 HIGHEST    83           400 AM
 LOWEST     48          1100 AM
 AVERAGE    66

..........................................................


THE SAN JOSE CA CLIMATE NORMALS FOR TOMORROW
                         NORMAL    RECORD    YEAR
 MAXIMUM TEMPERATURE (F)   74        94      1990
 MINIMUM TEMPERATURE (F)   51        36      1902


SUNRISE AND SUNSET
MAY  3 2015...........SUNRISE   611 AM PDT   SUNSET   759 PM PDT
MAY  4 2015...........SUNRISE   610 AM PDT   SUNSET   800 PM PDT


-  INDICATES NEGATIVE NUMBERS.
R  INDICATES RECORD WAS SET OR TIED.
MM INDICATES DATA IS MISSING.
T  INDICATES TRACE AMOUNT.




$$
