000
CDUS46 KPQR 191141
CLISLE


CLIMATE REPORT
NATIONAL WEATHER SERVICE PORTLAND OREGON
440 AM PDT SUN APR 19 2015


...................................

...THE SALEM OR CLIMATE SUMMARY FOR APRIL 18 2015...

CLIMATE NORMAL PERIOD 1981 TO 2010
CLIMATE RECORD PERIOD 1892 TO 2015


WEATHER ITEM   OBSERVED TIME   RECORD YEAR NORMAL DEPARTURE LAST
                VALUE   (LST)  VALUE       VALUE  FROM      YEAR
                                                  NORMAL
..................................................................
TEMPERATURE (F)
 YESTERDAY
  MAXIMUM         76    358 PM  81    1939  61     15       62
                                      1934
  MINIMUM         40    609 AM  27    1931  40      0       35
  AVERAGE         58                        50      8       49

PRECIPITATION (IN)
  YESTERDAY        0.00          0.65 1899   0.09  -0.09     0.00
  MONTH TO DATE    1.75                      1.83  -0.08     0.74
  SINCE OCT 1     31.07                     32.73  -1.66    21.91
  SINCE JAN 1     13.53                     16.34  -2.81    17.33

DEGREE DAYS
 HEATING
  YESTERDAY        7                        15     -8       16
  MONTH TO DATE  283                       280      3      206
  SINCE MAR 1    695                       843   -148      692
  SINCE JUL 1   3165                      4083   -918     3978

 COOLING
  YESTERDAY        0                         0      0        0
  MONTH TO DATE    0                         0      0        0
  SINCE MAR 1      0                         0      0        0
  SINCE JAN 1      0                         0      0        0
..................................................................


WIND (MPH)
  HIGHEST WIND SPEED    16   HIGHEST WIND DIRECTION     N (360)
  HIGHEST GUST SPEED    27   HIGHEST GUST DIRECTION     E (70)
  AVERAGE WIND SPEED     6.9


SKY COVER
  POSSIBLE SUNSHINE  MM
  AVERAGE SKY COVER 0.0


WEATHER CONDITIONS
 THE FOLLOWING WEATHER WAS RECORDED YESTERDAY.
  NO SIGNIFICANT WEATHER WAS OBSERVED.


RELATIVE HUMIDITY (PERCENT)
 HIGHEST    89           200 AM
 LOWEST     23           600 PM
 AVERAGE    56

..........................................................


THE SALEM OR CLIMATE NORMALS FOR TODAY
                         NORMAL    RECORD    YEAR
 MAXIMUM TEMPERATURE (F)   62        82      1934
 MINIMUM TEMPERATURE (F)   40        26      1967


SUNRISE AND SUNSET
APRIL 19 2015.........SUNRISE   621 AM PDT   SUNSET   802 PM PDT
APRIL 20 2015.........SUNRISE   619 AM PDT   SUNSET   803 PM PDT


-  INDICATES NEGATIVE NUMBERS.
R  INDICATES RECORD WAS SET OR TIED.
MM INDICATES DATA IS MISSING.
T  INDICATES TRACE AMOUNT.




$$
