000
CDUS46 KLOX 250856
CLISMX


CLIMATE REPORT
NATIONAL WEATHER SERVICE LOS ANGELES/OXNARD CA
156 AM PDT SAT APR 25 2015


...................................

...THE SANTA MARIA AIRPORT CA CLIMATE SUMMARY FOR APRIL 24 2015...

CLIMATE NORMAL PERIOD 1981 TO 2010
CLIMATE RECORD PERIOD 1906 TO 2015


WEATHER ITEM   OBSERVED TIME   RECORD YEAR NORMAL DEPARTURE LAST
                VALUE   (LST)  VALUE       VALUE  FROM      YEAR
                                                  NORMAL
..................................................................
TEMPERATURE (F)
 YESTERDAY
  MAXIMUM         67    112 PM  87    1910  68     -1       76
  MINIMUM         51   1008 PM  31    1971  45      6       47
                                      1921
  AVERAGE         59                        56      3       62

PRECIPITATION (IN)
  YESTERDAY        0.00          1.06 1938   0.02  -0.02     0.00
  MONTH TO DATE    0.60                      0.85  -0.25     0.72
  SINCE OCT 1      7.30                     13.28  -5.98     4.37
  SINCE JAN 1      1.74                      9.23  -7.49     3.88

SNOWFALL (IN)
  YESTERDAY        0.0
  MONTH TO DATE    0.0
  SINCE MAR 1      0.0
  SINCE JUL 1      0.0

DEGREE DAYS
 HEATING
  YESTERDAY        6                         9     -3
  MONTH TO DATE  147                       232    -85
  SINCE MAR 1    280                       572   -292
  SINCE JUL 1    967                      2405  -1438

 COOLING
  YESTERDAY        0                         0      0
  MONTH TO DATE    0                         0      0
  SINCE MAR 1     27                         1     26
  SINCE JAN 1     27                         2     25
..................................................................


WIND (MPH)
  HIGHEST WIND SPEED    29   HIGHEST WIND DIRECTION    NW (300)
  HIGHEST GUST SPEED    36   HIGHEST GUST DIRECTION     W (290)
  AVERAGE WIND SPEED     9.0


SKY COVER
  POSSIBLE SUNSHINE  MM
  AVERAGE SKY COVER 0.6


WEATHER CONDITIONS
 THE FOLLOWING WEATHER WAS RECORDED YESTERDAY.
  NO SIGNIFICANT WEATHER WAS OBSERVED.


RELATIVE HUMIDITY (PERCENT)
 HIGHEST    89          1000 PM
 LOWEST     44           300 PM
 AVERAGE    67

..........................................................


THE SANTA MARIA AIRPORT CA CLIMATE NORMALS FOR TODAY
                         NORMAL    RECORD    YEAR
 MAXIMUM TEMPERATURE (F)   68        89      1996
 MINIMUM TEMPERATURE (F)   45        33      1974
                                             1964


SUNRISE AND SUNSET
APRIL 25 2015.........SUNRISE   618 AM PDT   SUNSET   742 PM PDT
APRIL 26 2015.........SUNRISE   617 AM PDT   SUNSET   743 PM PDT


-  INDICATES NEGATIVE NUMBERS.
R  INDICATES RECORD WAS SET OR TIED.
MM INDICATES DATA IS MISSING.
T  INDICATES TRACE AMOUNT.




$$
