000
CDUS46 KMTR 010825
CLISNS


CLIMATE REPORT
NATIONAL WEATHER SERVICE SAN FRANCISCO BAY AREA
125 AM PDT WED APR 1 2015


...................................

...THE SALINAS AIRPORT CLIMATE SUMMARY FOR MARCH 31 2015...

CLIMATE NORMAL PERIOD 1981 TO 2010
CLIMATE RECORD PERIOD 1930 TO 2015


WEATHER ITEM   OBSERVED TIME   RECORD YEAR NORMAL DEPARTURE LAST
                VALUE   (LST)  VALUE       VALUE  FROM      YEAR
                                                  NORMAL
..................................................................
TEMPERATURE (F)
 YESTERDAY
  MAXIMUM         68    315 PM  86    2001  66      2       61
  MINIMUM         51    634 AM  33    1938  45      6       45
  AVERAGE         60                        56      4       53

PRECIPITATION (IN)
  YESTERDAY        0.00          1.30 1941   0.05  -0.05     0.18
  MONTH TO DATE    0.19                      2.26  -2.07     1.15
  SINCE OCT 1      8.82                     11.26  -2.44     5.18
  SINCE JAN 1      0.83                      7.35  -6.52     4.35

DEGREE DAYS
 HEATING
  YESTERDAY        5                        10     -5       12
  MONTH TO DATE  113                       322   -209      198
  SINCE MAR 1    113                       320   -207      198
  SINCE JUL 1    962                      2134  -1172     1630

 COOLING
  YESTERDAY        0                         0      0        0
  MONTH TO DATE   17                         1     16        1
  SINCE MAR 1     17                         1     16        1
  SINCE JAN 1     25                         1     24        3
..................................................................


WIND (MPH)
  RESULTANT WIND SPEED   8   RESULTANT WIND DIRECTION   W (250)
  HIGHEST WIND SPEED    20   HIGHEST WIND DIRECTION    SW (240)
  HIGHEST GUST SPEED    25   HIGHEST GUST DIRECTION    SW (240)
  AVERAGE WIND SPEED     9.8


SKY COVER
  POSSIBLE SUNSHINE  MM
  AVERAGE SKY COVER 0.1


WEATHER CONDITIONS
 THE FOLLOWING WEATHER WAS RECORDED YESTERDAY.
  NO SIGNIFICANT WEATHER WAS OBSERVED.


RELATIVE HUMIDITY (PERCENT)
 HIGHEST    77           200 AM
 LOWEST     42           300 PM
 AVERAGE    60

..........................................................


THE SALINAS AIRPORT CLIMATE NORMALS FOR TODAY
                         NORMAL    RECORD    YEAR
 MAXIMUM TEMPERATURE (F)   66        88      2011
 MINIMUM TEMPERATURE (F)   45        30      1936


SUNRISE AND SUNSET
APRIL  1 2015.........SUNRISE   553 AM PST   SUNSET   629 PM PST
APRIL  2 2015.........SUNRISE   551 AM PST   SUNSET   629 PM PST


-  INDICATES NEGATIVE NUMBERS.
R  INDICATES RECORD WAS SET OR TIED.
MM INDICATES DATA IS MISSING.
T  INDICATES TRACE AMOUNT.




$$
