000
CDUS45 KPIH 181554
CLISNT

CLIMATE REPORT
NATIONAL WEATHER SERVICE POCATELLO ID
705 AM MDT SAT APR 18 2015


...................................

...THE STANLEY ID CLIMATE SUMMARY FOR APRIL 17 2015...

CLIMATE NORMAL PERIOD 1981 TO 2010
CLIMATE RECORD PERIOD 1916 TO 2015


WEATHER ITEM   OBSERVED TIME   RECORD YEAR NORMAL DEPARTURE LAST
                VALUE   (LST)  VALUE       VALUE  FROM      YEAR
                                                  NORMAL
..................................................................
TEMPERATURE (F)
 YESTERDAY
  MAXIMUM         65    412 PM  70    1994  48     17       52
  MINIMUM         19    600 AM  -2    1922  20     -1       17
  AVERAGE         42                        34      8       35

PRECIPITATION (IN)
  YESTERDAY        0.00          0.44 1992   0.05  -0.05     0.09
  MONTH TO DATE    1.00                      0.98   0.02     1.17
  SINCE OCT 1     12.18                     10.95   1.23    14.31
  SINCE JAN 1      5.47                      6.10  -0.63    10.70

SNOWFALL (IN)
  YESTERDAY          M
  MONTH TO DATE      M
  SINCE MAR 1        M
  SINCE JUL 1        M
  SNOW DEPTH         M

DEGREE DAYS
 HEATING
  YESTERDAY       23                        31     -8       30
  MONTH TO DATE  532                       566    -34      561
  SINCE MAR 1   1468                      1750   -282     1708
  SINCE JUL 1   7846                      9284  -1438     8876

 COOLING
  YESTERDAY        0                         0      0        0
  MONTH TO DATE    0                         0      0        0
  SINCE MAR 1      0                         0      0        0
  SINCE JAN 1      0                         0      0        0
..................................................................


WIND (MPH)
  HIGHEST WIND SPEED    13   HIGHEST WIND DIRECTION    NW (330)
  HIGHEST GUST SPEED    18   HIGHEST GUST DIRECTION    NW (330)
  AVERAGE WIND SPEED     3.5


SKY COVER
  POSSIBLE SUNSHINE  MM
  AVERAGE SKY COVER 0.0


WEATHER CONDITIONS
 THE FOLLOWING WEATHER WAS RECORDED YESTERDAY.
  NO SIGNIFICANT WEATHER WAS OBSERVED.


RELATIVE HUMIDITY (PERCENT)
 HIGHEST    81           200 AM
 LOWEST     12           100 PM
 AVERAGE    47

..........................................................


THE STANLEY ID CLIMATE NORMALS FOR TODAY
                         NORMAL    RECORD    YEAR
 MAXIMUM TEMPERATURE (F)   48        73      1994
 MINIMUM TEMPERATURE (F)   20         1      1970


SUNRISE AND SUNSET
APRIL 18 2015.........SUNRISE   652 AM MDT   SUNSET   827 PM MDT
APRIL 19 2015.........SUNRISE   650 AM MDT   SUNSET   829 PM MDT


-  INDICATES NEGATIVE NUMBERS.
R  INDICATES RECORD WAS SET OR TIED.
MM INDICATES DATA IS MISSING.
T  INDICATES TRACE AMOUNT.

$$
