000
CDUS45 KCYS 180738
CLISNY


CLIMATE REPORT
NATIONAL WEATHER SERVICE CHEYENNE WY
136 AM MDT SAT APR 18 2015


...................................

...THE SIDNEY NE AIRPORT CLIMATE SUMMARY FOR APRIL 17 2015...

CLIMATE NORMAL PERIOD 1981 TO 2010
CLIMATE RECORD PERIOD 1948 TO 2015


WEATHER ITEM   OBSERVED TIME   RECORD YEAR NORMAL DEPARTURE LAST
                VALUE   (LST)  VALUE       VALUE  FROM      YEAR
                                                  NORMAL
..................................................................
TEMPERATURE (F)
 YESTERDAY
  MAXIMUM         54    324 PM  84    1948  62     -8       62
  MINIMUM         41   1159 PM  11    1953  33      8       31
  AVERAGE         48                        48      0       47

PRECIPITATION (IN)
  YESTERDAY        2.31R         0.90 2009   0.07   2.24     0.00
  MONTH TO DATE    3.78                      1.02   2.76     0.40
  SINCE JAN 1      4.80                      2.64   2.16     1.91

DEGREE DAYS
 HEATING
  YESTERDAY       17                        17      0       18
  MONTH TO DATE  323                       338    -15      346
  SINCE MAR 1    976                      1141   -165     1159
  SINCE JUL 1   5708                      5723    -15     6148

 COOLING
  YESTERDAY        0                         0      0        0
  MONTH TO DATE    0                         0      0        0
  SINCE MAR 1      0                         0      0        0
  SINCE JAN 1      0                         0      0        0
..................................................................


WIND (MPH)
  HIGHEST WIND SPEED    25   HIGHEST WIND DIRECTION     E (90)
  HIGHEST GUST SPEED    31   HIGHEST GUST DIRECTION     E (90)
  AVERAGE WIND SPEED    15.5


SKY COVER
  AVERAGE SKY COVER 1.0


WEATHER CONDITIONS
 THE FOLLOWING WEATHER WAS RECORDED YESTERDAY.
  THUNDERSTORM
  HEAVY RAIN
  RAIN
  LIGHT RAIN
  FOG


RELATIVE HUMIDITY (PERCENT)
 HIGHEST   100           400 AM
 LOWEST     89           100 PM
 AVERAGE    95

..........................................................


THE SIDNEY NE AIRPORT CLIMATE NORMALS FOR TODAY
                         NORMAL    RECORD    YEAR
 MAXIMUM TEMPERATURE (F)   63        84      1987
 MINIMUM TEMPERATURE (F)   34         9      1953


SUNRISE AND SUNSET
APRIL 18 2015.........SUNRISE   608 AM MDT   SUNSET   735 PM MDT
APRIL 19 2015.........SUNRISE   607 AM MDT   SUNSET   736 PM MDT


-  INDICATES NEGATIVE NUMBERS.
R  INDICATES RECORD WAS SET OR TIED.
MM INDICATES DATA IS MISSING.
T  INDICATES TRACE AMOUNT.




$$
