000
CDUS45 KPUB 271044
CLISPD


CLIMATE REPORT
NATIONAL WEATHER SERVICE PUEBLO
444 AM MDT MON APR 27 2015


...................................

...THE SPRINGFIELD CO CLIMATE SUMMARY FOR APRIL 26 2015...

CLIMATE NORMAL PERIOD 1981 TO 2010
CLIMATE RECORD PERIOD 9999 TO 9999


WEATHER ITEM   OBSERVED TIME   NORMAL DEPARTURE LAST
                VALUE   (LST)  VALUE  FROM      YEAR
                                      NORMAL
......................................................
TEMPERATURE (F)
 YESTERDAY
  MAXIMUM         52    121 AM  70    -18       83
  MINIMUM         41   1159 PM  40      1       50
  AVERAGE         47                            67

PRECIPITATION (IN)
  YESTERDAY        0.11          0.04   0.07     0.00
  MONTH TO DATE    0.65          1.11  -0.46     0.78
  SINCE MAR 1      1.03          2.24  -1.21     1.15
  SINCE JAN 1      2.87          3.05  -0.18     1.48

DEGREE DAYS
 HEATING
  YESTERDAY       18            11      7        0
  MONTH TO DATE  329           368    -39      344
  SINCE MAR 1    936          1055   -119     1056
  SINCE JUL 1   4840          5061   -221     5053

 COOLING
  YESTERDAY        0             0      0        2
  MONTH TO DATE    0             0      0        6
  SINCE MAR 1      0             0      0        6
  SINCE JAN 1      0             0      0        6
......................................................


WIND (MPH)
  HIGHEST WIND SPEED    25   HIGHEST WIND DIRECTION    NE (40)
  HIGHEST GUST SPEED    32   HIGHEST GUST DIRECTION     E (110)
  AVERAGE WIND SPEED    17.6


SKY COVER
  POSSIBLE SUNSHINE  MM



RELATIVE HUMIDITY (PERCENT)
 HIGHEST   100           900 AM
 LOWEST     86          1200 AM
 AVERAGE    93

..........................................................


THE SPRINGFIELD CO CLIMATE NORMALS FOR TODAY
                         NORMAL    RECORD    YEAR
 MAXIMUM TEMPERATURE (F)   70        MM        MM
 MINIMUM TEMPERATURE (F)   40        MM        MM


SUNRISE AND SUNSET
APRIL 27 2015.........SUNRISE   601 AM MDT   SUNSET   736 PM MDT
APRIL 28 2015.........SUNRISE   559 AM MDT   SUNSET   737 PM MDT


-  INDICATES NEGATIVE NUMBERS.
R  INDICATES RECORD WAS SET OR TIED.
MM INDICATES DATA IS MISSING.
T  INDICATES TRACE AMOUNT.




$$
