000
CDUS43 KILX 181245
CLISPI


CLIMATE REPORT
NATIONAL WEATHER SERVICE LINCOLN IL
745 AM CDT SAT APR 18 2015


...................................

...THE SPRINGFIELD IL CLIMATE SUMMARY FOR APRIL 17 2015...

CLIMATE NORMAL PERIOD 1981 TO 2010
CLIMATE RECORD PERIOD 1879 TO 2015


WEATHER ITEM   OBSERVED TIME   RECORD YEAR NORMAL DEPARTURE LAST
                VALUE   (LST)  VALUE       VALUE  FROM      YEAR
                                                  NORMAL
..................................................................
TEMPERATURE (F)
 YESTERDAY
  MAXIMUM         79    409 PM  89    1937  65     14       62
  MINIMUM         51    436 AM  26    1997  43      8       44
  AVERAGE         65                        54     11       53

PRECIPITATION (IN)
  YESTERDAY        0.00          1.13 1912   0.12  -0.12     0.00
  MONTH TO DATE    0.87                      1.86  -0.99     2.34
  SINCE MAR 1      2.43                      4.49  -2.06     4.13
  SINCE JAN 1      5.71                      8.12  -2.41     9.56

SNOWFALL (IN)
  YESTERDAY        0.0           1.6  1953   0.0    0.0      0.0
  MONTH TO DATE    0.0                       0.3   -0.3      0.1
  SINCE MAR 1      3.7                       2.8    0.9      3.4
  SINCE JUL 1     33.9                      20.9   13.0     45.7
  SNOW DEPTH       0

DEGREE DAYS
 HEATING
  YESTERDAY        0                        12    -12       12
  MONTH TO DATE  110                       244   -134      223
  SINCE MAR 1    862                       955    -93     1078
  SINCE JUL 1   5431                      5226    205     6025

 COOLING
  YESTERDAY        0                         1     -1        0
  MONTH TO DATE    7                         6      1        4
  SINCE MAR 1      7                         8     -1        4
  SINCE JAN 1      7                         8     -1        4
..................................................................


WIND (MPH)
  HIGHEST WIND SPEED    12   HIGHEST WIND DIRECTION    SE (130)
  HIGHEST GUST SPEED    17   HIGHEST GUST DIRECTION    SE (150)
  AVERAGE WIND SPEED     3.0


SKY COVER
  POSSIBLE SUNSHINE  MM
  AVERAGE SKY COVER 0.1


WEATHER CONDITIONS
 THE FOLLOWING WEATHER WAS RECORDED YESTERDAY.
  FOG


RELATIVE HUMIDITY (PERCENT)
 HIGHEST    93           300 AM
 LOWEST     40           600 PM
 AVERAGE    67

..........................................................


THE SPRINGFIELD IL CLIMATE NORMALS FOR TODAY
                         NORMAL    RECORD    YEAR
 MAXIMUM TEMPERATURE (F)   66        87      2004
                                             2002
 MINIMUM TEMPERATURE (F)   43        27      1983


SUNRISE AND SUNSET
APRIL 18 2015.........SUNRISE   617 AM CDT   SUNSET   740 PM CDT
APRIL 19 2015.........SUNRISE   616 AM CDT   SUNSET   741 PM CDT


-  INDICATES NEGATIVE NUMBERS.
R  INDICATES RECORD WAS SET OR TIED.
MM INDICATES DATA IS MISSING.
T  INDICATES TRACE AMOUNT.




$$
