000
CDUS42 KTBW 030828
CLISRQ


CLIMATE REPORT
NATIONAL WEATHER SERVICE TAMPA BAY FL
426 AM EDT SUN MAY 3 2015


...................................

...THE SARASOTA BRADENTON CLIMATE SUMMARY FOR MAY 2 2015...

CLIMATE NORMAL PERIOD 1981 TO 2010
CLIMATE RECORD PERIOD 1911 TO 2015


WEATHER ITEM   OBSERVED TIME   RECORD YEAR NORMAL DEPARTURE LAST
                VALUE   (LST)  VALUE       VALUE  FROM      YEAR
                                                  NORMAL
..................................................................
TEMPERATURE (F)
 YESTERDAY
  MAXIMUM         83    243 PM  92    2012  83      0       83
                                      2010
  MINIMUM         62    625 AM  49    1921  64     -2       71
  AVERAGE         73                        74     -1       77

PRECIPITATION (IN)
  YESTERDAY        0.00          3.38 2014   0.06  -0.06     3.38
  MONTH TO DATE    0.00                      0.12  -0.12     3.38
  SINCE MAR 1      2.64                      6.42  -3.78    11.09
  SINCE JAN 1      7.52                     11.61  -4.09    14.71

DEGREE DAYS
 HEATING
  YESTERDAY        0                         0      0        0
  MONTH TO DATE    0                         0      0        0
  SINCE MAR 1     13                        59    -46       37
  SINCE JUL 1    470                       477     -7      345

 COOLING
  YESTERDAY        8                         9     -1       12
  MONTH TO DATE   15                        18     -3       26
  SINCE MAR 1    571                       311    260      328
  SINCE JAN 1    640                       415    225      444
..................................................................


WIND (MPH)
  HIGHEST WIND SPEED    18   HIGHEST WIND DIRECTION    NW (320)
  HIGHEST GUST SPEED    23   HIGHEST GUST DIRECTION    NW (320)
  AVERAGE WIND SPEED     8.8


SKY COVER
  POSSIBLE SUNSHINE  MM
  AVERAGE SKY COVER 0.0


WEATHER CONDITIONS
 THE FOLLOWING WEATHER WAS RECORDED YESTERDAY.
  NO SIGNIFICANT WEATHER WAS OBSERVED.


RELATIVE HUMIDITY (PERCENT)
 HIGHEST    84           400 AM
 LOWEST     30           100 PM

..........................................................


THE SARASOTA BRADENTON CLIMATE NORMALS FOR TODAY
                         NORMAL    RECORD    YEAR
 MAXIMUM TEMPERATURE (F)   84        95      1990
 MINIMUM TEMPERATURE (F)   64        46      1925


SUNRISE AND SUNSET
MAY  3 2015...........SUNRISE   650 AM EDT   SUNSET   805 PM EDT
MAY  4 2015...........SUNRISE   649 AM EDT   SUNSET   805 PM EDT


-  INDICATES NEGATIVE NUMBERS.
R  INDICATES RECORD WAS SET OR TIED.
MM INDICATES DATA IS MISSING.
T  INDICATES TRACE AMOUNT.




$$


&&
------------------------------------------------------------------
******************** SUPPLEMENTAL DATA ***************************

...GULF WATER TEMPERATURE AT NEW PASS 77
