000
CDUS43 KEAX 040636
CLISTJ


CLIMATE REPORT
NATIONAL WEATHER SERVICE KANSAS CITY/PLEASANT HILL MO
134 AM CDT MON MAY 4 2015


...................................

...THE ST. JOSEPH MO CLIMATE SUMMARY FOR MAY 3 2015...

CLIMATE NORMAL PERIOD 1981 TO 2010
CLIMATE RECORD PERIOD 1892 TO 2015


WEATHER ITEM   OBSERVED TIME   RECORD YEAR NORMAL DEPARTURE LAST
                VALUE   (LST)  VALUE       VALUE  FROM      YEAR
                                                  NORMAL
..................................................................
TEMPERATURE (F)
 YESTERDAY
  MAXIMUM         85    241 PM  90    1952  71     14       76
  MINIMUM         58    350 AM  29    2005  48     10       45
  AVERAGE         72                        60     12       61

PRECIPITATION (IN)
  YESTERDAY        0.00          2.25 1958   0.19  -0.19     0.00
  MONTH TO DATE    0.31                      0.56  -0.25      T
  SINCE MAR 1      4.49                      6.60  -2.11     4.39
  SINCE JAN 1      6.24                      8.09  -1.85     5.21

DEGREE DAYS
 HEATING
  YESTERDAY        0                         6     -6        4
  MONTH TO DATE    4                        20    -16       31
  SINCE MAR 1    883                      1050   -167     1238
  SINCE JUL 1   5407                      5358     49     6178

 COOLING
  YESTERDAY        7                         1      6        0
  MONTH TO DATE    7                         3      4        0
  SINCE MAR 1     12                        24    -12        8
  SINCE JAN 1     12                        24    -12        8
..................................................................


WIND (MPH)
  HIGHEST WIND SPEED    26   HIGHEST WIND DIRECTION     S (190)
  HIGHEST GUST SPEED    32   HIGHEST GUST DIRECTION    SW (210)
  AVERAGE WIND SPEED    12.2


SKY COVER
  POSSIBLE SUNSHINE  MM
  AVERAGE SKY COVER 0.1


WEATHER CONDITIONS
 THE FOLLOWING WEATHER WAS RECORDED YESTERDAY.
  NO SIGNIFICANT WEATHER WAS OBSERVED.


RELATIVE HUMIDITY (PERCENT)
 HIGHEST    80           400 AM
 LOWEST     40           400 PM
 AVERAGE    60

..........................................................


THE ST. JOSEPH MO CLIMATE NORMALS FOR TODAY
                         NORMAL    RECORD    YEAR
 MAXIMUM TEMPERATURE (F)   71        91      1950
 MINIMUM TEMPERATURE (F)   49        32      1954


SUNRISE AND SUNSET
MAY  4 2015...........SUNRISE   617 AM CDT   SUNSET   817 PM CDT
MAY  5 2015...........SUNRISE   616 AM CDT   SUNSET   818 PM CDT


-  INDICATES NEGATIVE NUMBERS.
R  INDICATES RECORD WAS SET OR TIED.
MM INDICATES DATA IS MISSING.
T  INDICATES TRACE AMOUNT.




$$
