000
CDUS41 KBGM 050550
CLISYR


CLIMATE REPORT
NATIONAL WEATHER SERVICE BINGHAMTON NY
148 AM EDT TUE MAY 5 2015


...................................

...THE SYRACUSE NY CLIMATE SUMMARY FOR MAY 4 2015...

CLIMATE NORMAL PERIOD 1981 TO 2010
CLIMATE RECORD PERIOD 1902 TO 2015


WEATHER ITEM   OBSERVED TIME   RECORD YEAR NORMAL DEPARTURE LAST
                VALUE   (LST)  VALUE       VALUE  FROM      YEAR
                                                  NORMAL
..................................................................
TEMPERATURE (F)
 YESTERDAY
  MAXIMUM         84    232 PM  88    2001  65     19       54
                                      1949
                                      1944
  MINIMUM         52    526 AM  27    1986  43      9       43
  AVERAGE         68                        54     14       49

PRECIPITATION (IN)
  YESTERDAY        T             2.19 1922   0.10  -0.10     0.04
  MONTH TO DATE    T                         0.39  -0.39     0.17
  SINCE MAR 1      4.31                      6.53  -2.22     8.29
  SINCE JAN 1      8.19                     11.10  -2.91    13.84

SNOWFALL (IN)
  YESTERDAY        0.0           T    1976   0.1   -0.1      0.0
  MONTH TO DATE    0.0                       0.1   -0.1      0.0
  SINCE MAR 1     12.9                      21.9   -9.0     22.1
  SINCE JUL 1    119.7                     123.8   -4.1    132.0
  SNOW DEPTH       0

DEGREE DAYS
 HEATING
  YESTERDAY        0                        11    -11       16
  MONTH TO DATE   19                        47    -28       47
  SINCE MAR 1   1737                      1551    186     1820
  SINCE JUL 1   6961                      6382    579     6912

 COOLING
  YESTERDAY        3                         0      3        0
  MONTH TO DATE    3                         0      3        0
  SINCE MAR 1      3                         4     -1        1
  SINCE JAN 1      3                         4     -1        1
..................................................................


WIND (MPH)
  HIGHEST WIND SPEED    28   HIGHEST WIND DIRECTION    SW (220)
  HIGHEST GUST SPEED    33   HIGHEST GUST DIRECTION    SW (240)
  AVERAGE WIND SPEED     8.4


SKY COVER
  POSSIBLE SUNSHINE  MM
  AVERAGE SKY COVER 0.8


WEATHER CONDITIONS
 THE FOLLOWING WEATHER WAS RECORDED YESTERDAY.
  LIGHT RAIN


RELATIVE HUMIDITY (PERCENT)
 HIGHEST    77           500 AM
 LOWEST     22           100 PM
 AVERAGE    50

..........................................................


THE SYRACUSE NY CLIMATE NORMALS FOR TODAY
                         NORMAL    RECORD    YEAR
 MAXIMUM TEMPERATURE (F)   65        90      1944
 MINIMUM TEMPERATURE (F)   43        30      2005
                                             1966


SUNRISE AND SUNSET
MAY  5 2015...........SUNRISE   553 AM EDT   SUNSET   810 PM EDT
MAY  6 2015...........SUNRISE   552 AM EDT   SUNSET   811 PM EDT


-  INDICATES NEGATIVE NUMBERS.
R  INDICATES RECORD WAS SET OR TIED.
MM INDICATES DATA IS MISSING.
T  INDICATES TRACE AMOUNT.




$$
