000
CDUS44 KBMX 180708
CLITOI


CLIMATE REPORT
NATIONAL WEATHER SERVICE BIRMINGHAM, AL
207 AM CDT SAT APR 18 2015


...................................

...THE TROY CLIMATE SUMMARY FOR APRIL 17 2015...

CLIMATE NORMAL PERIOD 1981 TO 2010
CLIMATE RECORD PERIOD 9999 TO 9999


WEATHER ITEM   OBSERVED TIME   RECORD YEAR NORMAL DEPARTURE LAST
                VALUE   (LST)  VALUE       VALUE  FROM      YEAR
                                                  NORMAL
..................................................................
TEMPERATURE (F)
 YESTERDAY
  MAXIMUM         67    120 PM  MM      MM  77    -10       70
  MINIMUM         61    849 PM  MM      MM  50     11       45
  AVERAGE         64                        64      0       58

PRECIPITATION (IN)
  YESTERDAY        1.02                      0.16   0.86     0.00
  MONTH TO DATE    5.23                      2.66   2.57     6.95
  SINCE MAR 1      7.81                      8.69  -0.88    12.64
  SINCE JAN 1     14.72                     17.82  -3.10    21.70

SNOWFALL (IN)
  YESTERDAY        0.0                      MM     MM        0.0
  MONTH TO DATE    0.0                      MM     MM        0.0
  SINCE MAR 1      0.0                      MM     MM        0.0
  SINCE JUL 1      0.0                      MM     MM        0.3
  SNOW DEPTH       0

DEGREE DAYS
 HEATING
  YESTERDAY        1                         4     -3        7
  MONTH TO DATE   13                        83    -70       66
  SINCE MAR 1    159                       365   -206      363
  SINCE JUL 1   2160                      2284   -124     2303

 COOLING
  YESTERDAY        0                         2     -2        0
  MONTH TO DATE   98                        25     73       23
  SINCE MAR 1    158                        39    119       24
  SINCE JAN 1    160                        44    116       35
..................................................................


WIND (MPH)
  HIGHEST WIND SPEED    14   HIGHEST WIND DIRECTION    SE (140)
  HIGHEST GUST SPEED    17   HIGHEST GUST DIRECTION    NW (330)
  AVERAGE WIND SPEED     4.5


SKY COVER
  AVERAGE SKY COVER 1.0


WEATHER CONDITIONS
 THE FOLLOWING WEATHER WAS RECORDED YESTERDAY.
  HEAVY RAIN
  RAIN
  LIGHT RAIN
  FOG
  FOG W/VISIBILITY <= 1/4 MILE


RELATIVE HUMIDITY (PERCENT)
 HIGHEST    93          1200 AM
 LOWEST     87           100 PM
 AVERAGE    90

..........................................................


THE TROY CLIMATE NORMALS FOR TODAY
                         NORMAL    RECORD    YEAR
 MAXIMUM TEMPERATURE (F)   77        MM        MM
 MINIMUM TEMPERATURE (F)   50        MM        MM


SUNRISE AND SUNSET
APRIL 18 2015.........SUNRISE   612 AM CDT   SUNSET   715 PM CDT
APRIL 19 2015.........SUNRISE   611 AM CDT   SUNSET   716 PM CDT


-  INDICATES NEGATIVE NUMBERS.
R  INDICATES RECORD WAS SET OR TIED.
MM INDICATES DATA IS MISSING.
T  INDICATES TRACE AMOUNT.




$$
