000
CDUS41 KCLE 010528
CLITOL


CLIMATE REPORT
NATIONAL WEATHER SERVICE CLEVELAND OH
127 AM EDT WED APR 1 2015


...................................

...THE TOLEDO OH CLIMATE SUMMARY FOR MARCH 31 2015...

CLIMATE NORMAL PERIOD 1981 TO 2010
CLIMATE RECORD PERIOD 1873 TO 2015


WEATHER ITEM   OBSERVED TIME   RECORD YEAR NORMAL DEPARTURE LAST
                VALUE   (LST)  VALUE       VALUE  FROM      YEAR
                                                  NORMAL
..................................................................
TEMPERATURE (F)
 YESTERDAY
  MAXIMUM         44    900 AM  80    1943  54    -10       63
  MINIMUM         33   1159 PM   7    1923  33      0       27
  AVERAGE         39                        43     -4       45

PRECIPITATION (IN)
  YESTERDAY        T                         0.10  -0.10     0.00
  MONTH TO DATE    1.34                      2.48  -1.14     1.39
  SINCE MAR 1      1.34                      2.48  -1.14     1.39
  SINCE JAN 1      4.96                      6.60  -1.64     8.57

SNOWFALL (IN)
  YESTERDAY        0.0                       0.1   -0.1      0.0
  MONTH TO DATE    5.4                       5.7   -0.3     11.8
  SINCE MAR 1      5.4                       5.7   -0.3     11.8
  SINCE JUL 1     45.7                      36.2    9.5     85.3
  SNOW DEPTH       0

DEGREE DAYS
 HEATING
  YESTERDAY       26                        22      4       20
  MONTH TO DATE  990                       850    140     1118
  SINCE MAR 1    990                       850    140     1118
  SINCE JUL 1   6246                      5426    820     6444

 COOLING
  YESTERDAY        0                         0      0        0
  MONTH TO DATE    0                         0      0        0
  SINCE MAR 1      0                         0      0        0
  SINCE JAN 1      0                         0      0        0
..................................................................


WIND (MPH)
  HIGHEST WIND SPEED    17   HIGHEST WIND DIRECTION     N (350)
  HIGHEST GUST SPEED    21   HIGHEST GUST DIRECTION     N (360)
  AVERAGE WIND SPEED     4.7


SKY COVER
  POSSIBLE SUNSHINE  MM
  AVERAGE SKY COVER 0.6


WEATHER CONDITIONS
 THE FOLLOWING WEATHER WAS RECORDED YESTERDAY.
  LIGHT RAIN
  FOG
  HAZE


RELATIVE HUMIDITY (PERCENT)
 HIGHEST   100          1200 AM
 LOWEST     73           500 PM
 AVERAGE    87

..........................................................


THE TOLEDO OH CLIMATE NORMALS FOR TODAY
                         NORMAL    RECORD    YEAR
 MAXIMUM TEMPERATURE (F)   54        80      2010
 MINIMUM TEMPERATURE (F)   34        11      1964


SUNRISE AND SUNSET
APRIL  1 2015.........SUNRISE   719 AM EDT   SUNSET   800 PM EDT
APRIL  2 2015.........SUNRISE   717 AM EDT   SUNSET   801 PM EDT


-  INDICATES NEGATIVE NUMBERS.
R  INDICATES RECORD WAS SET OR TIED.
MM INDICATES DATA IS MISSING.
T  INDICATES TRACE AMOUNT.




$$
