000
CDUS46 KPQR 041145
CLITTD


CLIMATE REPORT
NATIONAL WEATHER SERVICE PORTLAND OREGON
444 AM PDT MON MAY 4 2015


...................................

...THE TROUTDALE OR CLIMATE SUMMARY FOR MAY 3 2015...

CLIMATE NORMAL PERIOD 1981 TO 2010
CLIMATE RECORD PERIOD 1948 TO 2015


WEATHER ITEM   OBSERVED TIME   RECORD YEAR NORMAL DEPARTURE LAST
                VALUE   (LST)  VALUE       VALUE  FROM      YEAR
                                                  NORMAL
..................................................................
TEMPERATURE (F)
 YESTERDAY
  MAXIMUM         76    503 PM  93    1992  65     11       63
                                      1966
  MINIMUM         40    441 AM  35    1959  44     -4       51
                                      1964
  AVERAGE         58                        54      4       57

PRECIPITATION (IN)
  YESTERDAY        0.00                      0.10  -0.10     0.09
  MONTH TO DATE    0.00                      0.30  -0.30     0.09
  SINCE OCT 1     27.52                     38.46 -10.94    22.58
  SINCE JAN 1     12.56                     20.06  -7.50    14.99

DEGREE DAYS
 HEATING
  YESTERDAY        7                        11     -4        8
  MONTH TO DATE   18                        33    -15       11

 COOLING
  YESTERDAY        0                         0      0        0
  MONTH TO DATE    0                         0      0        9
..................................................................


WIND (MPH)
  HIGHEST WIND SPEED    10   HIGHEST WIND DIRECTION     W (250)
  HIGHEST GUST SPEED    16   HIGHEST GUST DIRECTION     W (250)
  AVERAGE WIND SPEED     3.1


SKY COVER
  POSSIBLE SUNSHINE  MM
  AVERAGE SKY COVER 0.0


WEATHER CONDITIONS
 THE FOLLOWING WEATHER WAS RECORDED YESTERDAY.
  NO SIGNIFICANT WEATHER WAS OBSERVED.


RELATIVE HUMIDITY (PERCENT)
 HIGHEST    89           400 AM
 LOWEST     27           500 PM
 AVERAGE    58

..........................................................


THE TROUTDALE OR CLIMATE NORMALS FOR TODAY
                         NORMAL    RECORD    YEAR
 MAXIMUM TEMPERATURE (F)   66        91      1992
 MINIMUM TEMPERATURE (F)   44        33      1962


SUNRISE AND SUNSET
MAY  4 2015...........SUNRISE   553 AM PDT   SUNSET   820 PM PDT
MAY  5 2015...........SUNRISE   552 AM PDT   SUNSET   821 PM PDT


-  INDICATES NEGATIVE NUMBERS.
R  INDICATES RECORD WAS SET OR TIED.
MM INDICATES DATA IS MISSING.
T  INDICATES TRACE AMOUNT.




$$
