000
CDUS46 KPQR 011145
CLITTD


CLIMATE REPORT
NATIONAL WEATHER SERVICE PORTLAND OREGON
445 AM PDT WED APR 1 2015


...................................

...THE TROUTDALE OR CLIMATE SUMMARY FOR MARCH 31 2015...

CLIMATE NORMAL PERIOD 1981 TO 2010
CLIMATE RECORD PERIOD 1948 TO 2015


WEATHER ITEM   OBSERVED TIME   RECORD YEAR NORMAL DEPARTURE LAST
                VALUE   (LST)  VALUE       VALUE  FROM      YEAR
                                                  NORMAL
..................................................................
TEMPERATURE (F)
 YESTERDAY
  MAXIMUM         56   1206 AM  76    2013  59     -3       61
  MINIMUM         42   1044 PM  30    1949  40      2       38
  AVERAGE         49                        50     -1       50

PRECIPITATION (IN)
  YESTERDAY        0.65                      0.15   0.50     0.27
  MONTH TO DATE    4.48                      4.64  -0.16     5.56
  SINCE OCT 1     25.32                     34.31  -8.99    19.21
  SINCE JAN 1     10.36                     15.91  -5.55    11.62

DEGREE DAYS
 HEATING
  YESTERDAY       16                        15      1       15
  MONTH TO DATE  381                       545   -164      475

 COOLING
  YESTERDAY        0                         0      0        0
  MONTH TO DATE    0                         0      0        0
..................................................................


WIND (MPH)
  HIGHEST WIND SPEED    23   HIGHEST WIND DIRECTION     W (250)
  HIGHEST GUST SPEED    32   HIGHEST GUST DIRECTION     W (250)
  AVERAGE WIND SPEED     4.9


SKY COVER
  POSSIBLE SUNSHINE  MM
  AVERAGE SKY COVER 0.9


WEATHER CONDITIONS
 THE FOLLOWING WEATHER WAS RECORDED YESTERDAY.
  THUNDERSTORM
  HEAVY RAIN
  RAIN
  LIGHT RAIN
  FOG
  HAZE


RELATIVE HUMIDITY (PERCENT)
 HIGHEST    89          1000 PM
 LOWEST     62          1200 AM
 AVERAGE    76

..........................................................


THE TROUTDALE OR CLIMATE NORMALS FOR TODAY
                         NORMAL    RECORD    YEAR
 MAXIMUM TEMPERATURE (F)   59        82      1992
 MINIMUM TEMPERATURE (F)   40        28      2008


SUNRISE AND SUNSET
APRIL  1 2015.........SUNRISE   650 AM PDT   SUNSET   738 PM PDT
APRIL  2 2015.........SUNRISE   648 AM PDT   SUNSET   739 PM PDT


-  INDICATES NEGATIVE NUMBERS.
R  INDICATES RECORD WAS SET OR TIED.
MM INDICATES DATA IS MISSING.
T  INDICATES TRACE AMOUNT.




$$
