000
CDUS44 KMEG 180626
CLITUP


CLIMATE REPORT
NATIONAL WEATHER SERVICE MEMPHIS TN
125 AM CDT SAT APR 18 2015


...................................

...THE TUPELO CLIMATE SUMMARY FOR APRIL 17 2015...

CLIMATE NORMAL PERIOD 1981 TO 2010
CLIMATE RECORD PERIOD 1930 TO 2015


WEATHER ITEM   OBSERVED TIME   RECORD YEAR NORMAL DEPARTURE LAST
                VALUE   (LST)  VALUE       VALUE  FROM      YEAR
                                                  NORMAL
..................................................................
TEMPERATURE (F)
 YESTERDAY
  MAXIMUM         70    403 PM  89    2006  75     -5       69
                                      1937
  MINIMUM         60   1159 PM  34    1983  51      9       40
  AVERAGE         65                        62      3       55

PRECIPITATION (IN)
  YESTERDAY        1.32          2.18 1970   0.15   1.17     0.00
  MONTH TO DATE    4.63                      2.60   2.03     4.86
  SINCE MAR 1     11.05                      7.42   3.63     7.94
  SINCE JAN 1     20.21                     16.86   3.35    14.03

SNOWFALL (IN)
  YESTERDAY        0.0          MM      MM   0.0    0.0      0.0
  MONTH TO DATE    0.0                       0.0    0.0      0.0
  SINCE MAR 1      0.1                       0.3   -0.2       T
  SINCE JUL 1      7.4                       2.1    5.3      0.5
  SNOW DEPTH       0

DEGREE DAYS
 HEATING
  YESTERDAY        0                         4     -4       10
  MONTH TO DATE   39                       105    -66      127
  SINCE MAR 1    372                       460    -88      587
  SINCE JUL 1   3090                      2891    199     3417

 COOLING
  YESTERDAY        0                         2     -2        0
  MONTH TO DATE   65                        25     40       21
  SINCE MAR 1     68                        39     29       21
  SINCE JAN 1     68                        41     27       21
..................................................................


WIND (MPH)
  HIGHEST WIND SPEED    10   HIGHEST WIND DIRECTION    SE (140)
  HIGHEST GUST SPEED    14   HIGHEST GUST DIRECTION    SE (140)
  AVERAGE WIND SPEED     5.3


SKY COVER
  POSSIBLE SUNSHINE  MM
  AVERAGE SKY COVER 0.8


WEATHER CONDITIONS
 THE FOLLOWING WEATHER WAS RECORDED YESTERDAY.
  THUNDERSTORM
  HEAVY RAIN
  RAIN
  LIGHT RAIN
  FOG


RELATIVE HUMIDITY (PERCENT)
 HIGHEST    97          1000 PM
 LOWEST     78           500 PM
 AVERAGE    88

..........................................................


THE TUPELO CLIMATE NORMALS FOR TODAY
                         NORMAL    RECORD    YEAR
 MAXIMUM TEMPERATURE (F)   75        93      2006
 MINIMUM TEMPERATURE (F)   51        33      1997


SUNRISE AND SUNSET
APRIL 18 2015.........SUNRISE   621 AM CDT   SUNSET   729 PM CDT
APRIL 19 2015.........SUNRISE   619 AM CDT   SUNSET   730 PM CDT


-  INDICATES NEGATIVE NUMBERS.
R  INDICATES RECORD WAS SET OR TIED.
MM INDICATES DATA IS MISSING.
T  INDICATES TRACE AMOUNT.




$$
