000
CDUS43 KAPX 020537
CLITVC


CLIMATE REPORT
NATIONAL WEATHER SERVICE GAYLORD MI
137 AM EDT THU APR 2 2015


...................................

...THE TRAVERSE CITY MI CLIMATE SUMMARY FOR APRIL 1 2015...

CLIMATE NORMAL PERIOD 1981 TO 2010
CLIMATE RECORD PERIOD 1896 TO 2015


WEATHER ITEM   OBSERVED TIME   RECORD YEAR NORMAL DEPARTURE LAST
                VALUE   (LST)  VALUE       VALUE  FROM      YEAR
                                                  NORMAL
..................................................................
TEMPERATURE (F)
 YESTERDAY
  MAXIMUM         62    515 PM  82    2010  47     15       51
  MINIMUM         25    649 AM   3    1923  27     -2       29
  AVERAGE         44                        37      7       40

PRECIPITATION (IN)
  YESTERDAY        0.00          0.56 1959   0.09  -0.09     0.06
  MONTH TO DATE    0.00                      0.09  -0.09     0.06
  SINCE MAR 1      0.52                      1.95  -1.43     0.98
  SINCE JAN 1      1.30                      6.27  -4.97     2.40

DEGREE DAYS
 HEATING
  YESTERDAY       21                        28     -7       25
  MONTH TO DATE   21                        28     -7       25
  SINCE MAR 1   1104                      1090     14     1356
  SINCE JUL 1   6836                      6430    406     7078

 COOLING
  YESTERDAY        0                         0      0        0
  MONTH TO DATE    0                         0      0        0
  SINCE MAR 1      0                         0      0        0
  SINCE JAN 1      0                         0      0        0
..................................................................


WIND (MPH)
  HIGHEST WIND SPEED    13   HIGHEST WIND DIRECTION     S (200)
  HIGHEST GUST SPEED    22   HIGHEST GUST DIRECTION     S (190)
  AVERAGE WIND SPEED     4.6




RELATIVE HUMIDITY (PERCENT)
 HIGHEST    92
 LOWEST     25
 AVERAGE    59

..........................................................


THE TRAVERSE CITY MI CLIMATE NORMALS FOR TODAY
                         NORMAL    RECORD    YEAR
 MAXIMUM TEMPERATURE (F)   47        83      2010
 MINIMUM TEMPERATURE (F)   28         1      1965


SUNRISE AND SUNSET
APRIL  2 2015.........SUNRISE   722 AM EDT   SUNSET   811 PM EDT
APRIL  3 2015.........SUNRISE   720 AM EDT   SUNSET   812 PM EDT


-  INDICATES NEGATIVE NUMBERS.
R  INDICATES RECORD WAS SET OR TIED.
MM INDICATES DATA IS MISSING.
T  INDICATES TRACE AMOUNT.




$$
