000
CDUS45 KBOI 270931
CLITWF


CLIMATE REPORT
NATIONAL WEATHER SERVICE BOISE ID
331 AM MDT MON APR 27 2015


...................................

...THE TWIN FALLS ID CLIMATE SUMMARY FOR APRIL 26 2015...

CLIMATE NORMAL PERIOD 1981 TO 2010
CLIMATE RECORD PERIOD 9999 TO 9999


WEATHER ITEM   OBSERVED TIME   NORMAL DEPARTURE LAST
                VALUE   (LST)  VALUE  FROM      YEAR
                                      NORMAL
......................................................
TEMPERATURE (F)
 YESTERDAY
  MAXIMUM         58    427 PM  64     -6       54
  MINIMUM         35    615 AM  37     -2       36
  AVERAGE         47

PRECIPITATION (IN)
  YESTERDAY        0.00          0.04  -0.04     0.00
  MONTH TO DATE    0.24          0.96  -0.72     0.77
  SINCE OCT 1      4.86          7.04  -2.18     5.37
  SINCE JAN 1      1.86          3.79  -1.93     4.90

DEGREE DAYS
 HEATING
  YESTERDAY       18            15      3       20
  MONTH TO DATE  418           454    -36      389
  SINCE MAR 1    908          1176   -268      995
  SINCE JUL 1   4601          5743  -1142     5248

 COOLING
  YESTERDAY        0             0      0        0
  MONTH TO DATE    0             0      0        0
  SINCE MAR 1      0             0      0        0
  SINCE JAN 1      0             0      0        0
......................................................


WIND (MPH)
  HIGHEST WIND SPEED    32   HIGHEST WIND DIRECTION     W (260)
  HIGHEST GUST SPEED    39   HIGHEST GUST DIRECTION     W (250)
  AVERAGE WIND SPEED    21.8


SKY COVER
  AVERAGE SKY COVER 0.0


WEATHER CONDITIONS
 THE FOLLOWING WEATHER WAS RECORDED YESTERDAY.
  NO SIGNIFICANT WEATHER WAS OBSERVED.


RELATIVE HUMIDITY (PERCENT)
 HIGHEST    64          1200 AM
 LOWEST     20           600 PM
 AVERAGE    42

..........................................................




SUNRISE AND SUNSET
APRIL 27 2015.........SUNRISE   639 AM MDT   SUNSET   833 PM MDT
APRIL 28 2015.........SUNRISE   637 AM MDT   SUNSET   834 PM MDT


-  INDICATES NEGATIVE NUMBERS.
R  INDICATES RECORD WAS SET OR TIED.
MM INDICATES DATA IS MISSING.
T  INDICATES TRACE AMOUNT.




$$
