000
CDUS46 KSEW 250122
CLIUIL


CLIMATE REPORT
NATIONAL WEATHER SERVICE SEATTLE WA
622 PM PDT FRI APR 24 2015


...................................

...THE QUILLAYUTE WA AIRPORT CLIMATE SUMMARY FOR APRIL 24 2015...
VALID TODAY AS OF 0600 PM LOCAL TIME.

CLIMATE NORMAL PERIOD 1981 TO 2010
CLIMATE RECORD PERIOD 1966 TO 2015


WEATHER ITEM   OBSERVED TIME   RECORD YEAR NORMAL DEPARTURE LAST
                VALUE   (LST)  VALUE       VALUE  FROM      YEAR
                                                  NORMAL
..................................................................
TEMPERATURE (F)
 TODAY
  MAXIMUM         55   1229 PM  72    2006  56     -1       54
                                      1989
  MINIMUM         40    537 AM  30    2009  39      1       42
  AVERAGE         48                        48      0       48

PRECIPITATION (IN)
  TODAY            0.27          0.96 2012   0.23   0.04     0.41
  MONTH TO DATE    5.47                      6.55  -1.08     8.66
  SINCE OCT 1     84.76                     81.34   3.42    64.27
  SINCE JAN 1     40.01                     42.34  -2.33    47.04

DEGREE DAYS
 HEATING
  TODAY           17                        17      0       17
  MONTH TO DATE  436                       448    -12      422
  SINCE MAR 1    974                      1096   -122     1008
  SINCE JUL 1   3884                      4941  -1057     4202

 COOLING
  TODAY            0                         0      0        0
  MONTH TO DATE    0                         0      0        0
  SINCE MAR 1      0                         0      0        0
  SINCE JAN 1      0                         0      0        0
..................................................................


WIND (MPH)
  RESULTANT WIND SPEED   7   RESULTANT WIND DIRECTION  SW (230)
  HIGHEST WIND SPEED    18   HIGHEST WIND DIRECTION    SW (230)
  HIGHEST GUST SPEED    24   HIGHEST GUST DIRECTION    SW (230)
  AVERAGE WIND SPEED     9.7


SKY COVER
  AVERAGE SKY COVER 0.7


WEATHER CONDITIONS
 THE FOLLOWING WEATHER WAS RECORDED TODAY.
  RAIN
  LIGHT RAIN
  FOG


RELATIVE HUMIDITY (PERCENT)
 HIGHEST   100          1200 AM
 LOWEST     64           300 PM
 AVERAGE    82

..........................................................


THE QUILLAYUTE WA AIRPORT CLIMATE NORMALS FOR TOMORROW
                         NORMAL    RECORD    YEAR
 MAXIMUM TEMPERATURE (F)   56        75      1971
 MINIMUM TEMPERATURE (F)   39        26      1999


SUNRISE AND SUNSET
APRIL 24 2015.........SUNRISE   612 AM PDT   SUNSET   821 PM PDT
APRIL 25 2015.........SUNRISE   611 AM PDT   SUNSET   823 PM PDT


-  INDICATES NEGATIVE NUMBERS.
R  INDICATES RECORD WAS SET OR TIED.
MM INDICATES DATA IS MISSING.
T  INDICATES TRACE AMOUNT.




$$
