000
CDUS43 KUNR 020044
CLIUNR


CLIMATE REPORT
NATIONAL WEATHER SERVICE RAPID CITY SD
644 PM MDT WED APR 1 2015


...................................

...THE EAST RAPID CITY SD CLIMATE SUMMARY FOR APRIL 1 2015...
VALID TODAY AS OF 0500 PM LOCAL TIME.

CLIMATE NORMAL PERIOD 1981 TO 2010
CLIMATE RECORD PERIOD 1888 TO 2015


WEATHER ITEM   OBSERVED RECORD YEAR NORMAL DEPARTURE LAST
                VALUE   VALUE       VALUE  FROM      YEAR
                                           NORMAL
...........................................................
TEMPERATURE (F)
 TODAY
  MAXIMUM         69     86    2012  51     18       24
  MINIMUM         47     -2    1899  29     18       15
  AVERAGE         58                 40     18       20

PRECIPITATION (IN)
  TODAY            0.00   1.16 1958   0.04  -0.04     0.11
  MONTH TO DATE    0.00               0.04  -0.04     0.11
  SINCE MAR 1      0.10               1.03  -0.93     1.24
  SINCE JAN 1      0.65               1.80  -1.15     1.75

SNOWFALL (IN)
  TODAY            0.0    3.0  1927   0.4   -0.4      1.5
  MONTH TO DATE    0.0                0.4   -0.4      1.5
  SINCE MAR 1      1.4               12.2  -10.8     15.9
  SINCE JUL 1     37.1               38.9   -1.8     66.0
  SNOW DEPTH      MM

DEGREE DAYS
 HEATING
  TODAY            7                 25    -18       45
  MONTH TO DATE    7                 25    -18       45
  SINCE MAR 1    632                933   -301     1065
  SINCE JUL 1   5328               5887   -559     6413

 COOLING
  TODAY            0                  0      0        0
  MONTH TO DATE    0                  0      0        0
  SINCE MAR 1      6                  0      6        0
  SINCE JAN 1      6                  0      6        0
...........................................................





WEATHER CONDITIONS
 THE FOLLOWING WEATHER WAS RECORDED TODAY.
  NO SIGNIFICANT WEATHER WAS OBSERVED.


..........................................................


THE EAST RAPID CITY SD CLIMATE NORMALS FOR TOMORROW
                         NORMAL    RECORD    YEAR
 MAXIMUM TEMPERATURE (F)   51        81      1921
 MINIMUM TEMPERATURE (F)   29        -8      1936


SUNRISE AND SUNSET
APRIL  1 2015.........SUNRISE   635 AM MDT   SUNSET   720 PM MDT
APRIL  2 2015.........SUNRISE   633 AM MDT   SUNSET   721 PM MDT


-  INDICATES NEGATIVE NUMBERS.
R  INDICATES RECORD WAS SET OR TIED.
MM INDICATES DATA IS MISSING.
T  INDICATES TRACE AMOUNT.




$$
