000
CDUS45 KGJT 242335
CLIVEL


CLIMATE REPORT
NATIONAL WEATHER SERVICE GRAND JUNCTION CO
530 PM MDT FRI APR 24 2015


...................................

...THE VERNAL UT CLIMATE SUMMARY FOR APRIL 24 2015...
VALID TODAY AS OF 0500 PM LOCAL TIME.

CLIMATE NORMAL PERIOD 1981 TO 2010
CLIMATE RECORD PERIOD 9999 TO 9999


WEATHER ITEM   OBSERVED TIME   RECORD YEAR NORMAL DEPARTURE LAST
                VALUE   (LST)  VALUE       VALUE  FROM      YEAR
                                                  NORMAL
..................................................................
TEMPERATURE (F)
 TODAY
  MAXIMUM         66    105 PM  MM      MM  62      4       63
  MINIMUM         35    609 AM  MM      MM  37     -2       26
  AVERAGE         51                        49      2       45

PRECIPITATION (IN)
  TODAY            T            MM      MM   0.03  -0.03     0.00
  MONTH TO DATE    0.20                      0.62  -0.42     0.32
  SINCE MAR 1      0.98                      1.30  -0.32     1.12
  SINCE JAN 1      1.24                      2.32  -1.08     1.53

SNOWFALL (IN)
  TODAY           MM            MM      MM    MM   MM       MM
  MONTH TO DATE   MM                          MM   MM       MM
  SINCE MAR 1     MM                          MM   MM       MM
  SINCE JUL 1     MM                          MM   MM       MM
  SNOW DEPTH      MM

DEGREE DAYS
 HEATING
  TODAY           14                        16     -2       20
  MONTH TO DATE  413                       461    -48      419
  SINCE MAR 1   1044                      1301   -257     1170
  SINCE JUL 1   5597                      6792  -1195     6977

 COOLING
  TODAY            0                         0      0        0
  MONTH TO DATE    0                         0      0        0
  SINCE MAR 1      0                         0      0        0
  SINCE JAN 1      0                         0      0        0
..................................................................


WIND (MPH)
  HIGHEST WIND SPEED    26   HIGHEST WIND DIRECTION    NW (300)
  HIGHEST GUST SPEED    38   HIGHEST GUST DIRECTION    NW (300)
  AVERAGE WIND SPEED     5.8


SKY COVER
  POSSIBLE SUNSHINE  MM
  AVERAGE SKY COVER 0.2


WEATHER CONDITIONS
 THE FOLLOWING WEATHER WAS RECORDED TODAY.
  LIGHT RAIN


RELATIVE HUMIDITY (PERCENT)
 HIGHEST    70           500 AM
 LOWEST     24           100 PM
 AVERAGE    47

..........................................................


THE VERNAL UT CLIMATE NORMALS FOR TOMORROW
                         NORMAL    RECORD    YEAR
 MAXIMUM TEMPERATURE (F)   63        MM        MM
 MINIMUM TEMPERATURE (F)   37        MM        MM


SUNRISE AND SUNSET
APRIL 24 2015.........SUNRISE   627 AM MDT   SUNSET   806 PM MDT
APRIL 25 2015.........SUNRISE   625 AM MDT   SUNSET   807 PM MDT


-  INDICATES NEGATIVE NUMBERS.
R  INDICATES RECORD WAS SET OR TIED.
MM INDICATES DATA IS MISSING.
T  INDICATES TRACE AMOUNT.




$$
