000
CDUS43 KLOT 280633
CLIVPZ


CLIMATE REPORT
NATIONAL WEATHER SERVICE CHICAGO IL
133 AM CDT TUE APR 28 2015


...................................

...THE VALPARAISO CLIMATE SUMMARY FOR APRIL 27 2015...

CLIMATE NORMAL PERIOD 1981 TO 2010
CLIMATE RECORD PERIOD 1998 TO 2015


WEATHER ITEM   OBSERVED TIME   RECORD YEAR NORMAL DEPARTURE LAST
                VALUE   (LST)  VALUE       VALUE  FROM      YEAR
                                                  NORMAL
..................................................................
TEMPERATURE (F)
 YESTERDAY
  MAXIMUM         52    307 PM  76    2009  64    -12       66
  MINIMUM         35   1159 PM  28    2012  42     -7       39
  AVERAGE         44                        53     -9       53

PRECIPITATION (IN)
  YESTERDAY        0.00          1.13 1999   0.14  -0.14      T
  MONTH TO DATE    2.15                      3.05  -0.90     1.98
  SINCE MAR 1      2.77                      5.53  -2.76     2.77
  SINCE JAN 1      4.38                      8.70  -4.32     5.40

DEGREE DAYS
 HEATING
  YESTERDAY       21                        12      9       12
  MONTH TO DATE  390                       447    -57      482
  SINCE MAR 1   1353                      1292     61     1482
  SINCE JUL 1   6611                      6024    587     6931

 COOLING
  YESTERDAY        0                         0      0        0
  MONTH TO DATE    0                         0      0        0
  SINCE MAR 1      0                         0      0        0
  SINCE JAN 1      0                         0      0        0
..................................................................


WIND (MPH)
  RESULTANT WIND SPEED  10   RESULTANT WIND DIRECTION   N (360)
  HIGHEST WIND SPEED    22   HIGHEST WIND DIRECTION     N (340)
  HIGHEST GUST SPEED    33   HIGHEST GUST DIRECTION     N (20)
  AVERAGE WIND SPEED     9.5



WEATHER CONDITIONS
 THE FOLLOWING WEATHER WAS RECORDED YESTERDAY.
  NO SIGNIFICANT WEATHER WAS OBSERVED.


..........................................................


THE VALPARAISO CLIMATE NORMALS FOR TODAY
                         NORMAL    RECORD    YEAR
 MAXIMUM TEMPERATURE (F)   65        79      2004
 MINIMUM TEMPERATURE (F)   43        32      2010


SUNRISE AND SUNSET
APRIL 28 2015.........SUNRISE   550 AM CDT   SUNSET   742 PM CDT
APRIL 29 2015.........SUNRISE   548 AM CDT   SUNSET   743 PM CDT


-  INDICATES NEGATIVE NUMBERS.
R  INDICATES RECORD WAS SET OR TIED.
MM INDICATES DATA IS MISSING.
T  INDICATES TRACE AMOUNT.




$$
