000
CDUS42 KMLB 012020
CLIVRB


CLIMATE REPORT
NATIONAL WEATHER SERVICE MELBOURNE FL
419 PM EDT WED APR 1 2015


...................................

...THE VERO BEACH CLIMATE SUMMARY FOR APRIL 1 2015...
VALID TODAY AS OF 0400 PM LOCAL TIME.

CLIMATE NORMAL PERIOD 1981 TO 2010
CLIMATE RECORD PERIOD 1942 TO 2015


WEATHER ITEM   OBSERVED TIME   RECORD YEAR NORMAL DEPARTURE LAST
                VALUE   (LST)  VALUE       VALUE  FROM      YEAR
                                                  NORMAL
..................................................................
TEMPERATURE (F)
 TODAY
  MAXIMUM         84    247 PM  92    1948  79      5       78
  MINIMUM         60    324 AM  40    1987  59      1       44
  AVERAGE         72                        69      3       61

PRECIPITATION (IN)
  TODAY            0.00          1.95 1972   0.12  -0.12     0.00
  MONTH TO DATE    0.00                      0.12  -0.12     0.00
  SINCE MAR 1      2.38                      4.24  -1.86     1.95
  SINCE JAN 1      6.01                      9.41  -3.40     8.50

SNOWFALL (IN)
  TODAY            0.0
  MONTH TO DATE    0.0
  SINCE JUL 1      0.0

DEGREE DAYS
 HEATING
  TODAY            0                         1     -1        4
  MONTH TO DATE    0                         1     -1        4
  SINCE MAR 1     12                        56    -44       32
  SINCE JUL 1    384                       441    -57      267

 COOLING
  TODAY            7                         5      2        0
  MONTH TO DATE    7                         5      2        0
  SINCE MAR 1    250                       134    116      120
  SINCE JAN 1    375                       273    102      328
..................................................................


WIND (MPH)
  HIGHEST WIND SPEED    13   HIGHEST WIND DIRECTION     W (270)
  HIGHEST GUST SPEED    17   HIGHEST GUST DIRECTION     W (280)
  AVERAGE WIND SPEED     6.8


SKY COVER
  AVERAGE SKY COVER 0.3


WEATHER CONDITIONS
 THE FOLLOWING WEATHER WAS RECORDED TODAY.
  FOG
  FOG W/VISIBILITY <= 1/4 MILE
  HAZE


RELATIVE HUMIDITY (PERCENT)
 HIGHEST    93           400 AM
 LOWEST     43           300 PM
 AVERAGE    68

..........................................................


THE VERO BEACH CLIMATE NORMALS FOR TOMORROW
                         NORMAL    RECORD    YEAR
 MAXIMUM TEMPERATURE (F)   79        92      1975
 MINIMUM TEMPERATURE (F)   59        39      1987


SUNRISE AND SUNSET
APRIL  1 2015.........SUNRISE   712 AM EDT   SUNSET   739 PM EDT
APRIL  2 2015.........SUNRISE   711 AM EDT   SUNSET   740 PM EDT


-  INDICATES NEGATIVE NUMBERS.
R  INDICATES RECORD WAS SET OR TIED.
MM INDICATES DATA IS MISSING.
T  INDICATES TRACE AMOUNT.




$$
