000
CDUS43 KLBF 060933
CLIVTN

CLIMATE REPORT
NATIONAL WEATHER SERVICE NORTH PLATTE
431 AM CDT WED MAY 6 2015


...................................

...THE VALENTINE NE CLIMATE SUMMARY FOR MAY 5 2015...

CLIMATE NORMAL PERIOD 1981 TO 2010
CLIMATE RECORD PERIOD 1885 TO 2015


WEATHER ITEM   OBSERVED TIME   RECORD YEAR NORMAL DEPARTURE LAST
                VALUE   (LST)  VALUE       VALUE  FROM      YEAR
                                                  NORMAL
..................................................................
TEMPERATURE (F)
 YESTERDAY
  MAXIMUM         63    222 PM  98    2004  68     -5       71
  MINIMUM         43    127 AM  23    1944  40      3       37
  AVERAGE         53                        54     -1       54

PRECIPITATION (IN)
  YESTERDAY        0.29          1.67 1942   0.09   0.20     0.00
  MONTH TO DATE    0.37                      0.46  -0.09     0.00
  SINCE MAR 1      2.02                      3.75  -1.73     3.54
  SINCE JAN 1      2.64                      4.49  -1.85     4.20

SNOWFALL (IN)
  YESTERDAY        0.0           6.5  1929   0.0    0.0      0.0
  MONTH TO DATE    0.0                       0.1   -0.1      0.0
  SINCE MAR 1      0.8                      11.2  -10.4      8.3
  SINCE JUL 1     22.5                      33.3  -10.8     34.8
  SNOW DEPTH       0

DEGREE DAYS
 HEATING
  YESTERDAY       12                        12      0       11
  MONTH TO DATE   32                        62    -30       68
  SINCE MAR 1   1170                      1509   -339     1563
  SINCE JUL 1   6296                      6745   -449     7041

 COOLING
  YESTERDAY        0                         1     -1        0
  MONTH TO DATE    1                         2     -1        0
  SINCE MAR 1      3                         6     -3        0
  SINCE JAN 1      3                         6     -3        0
..................................................................


WIND (MPH)
  HIGHEST WIND SPEED    20   HIGHEST WIND DIRECTION     S (160)
  HIGHEST GUST SPEED    24   HIGHEST GUST DIRECTION     S (160)
  AVERAGE WIND SPEED     7.6


SKY COVER
  POSSIBLE SUNSHINE  MM
  AVERAGE SKY COVER 0.9


WEATHER CONDITIONS
 THE FOLLOWING WEATHER WAS RECORDED YESTERDAY.
  RAIN
  LIGHT RAIN
  FOG


RELATIVE HUMIDITY (PERCENT)
 HIGHEST   100          1000 PM
 LOWEST     61          1200 AM
 AVERAGE    81

..........................................................


THE VALENTINE NE CLIMATE NORMALS FOR TODAY
                         NORMAL    RECORD    YEAR
 MAXIMUM TEMPERATURE (F)   68        90      1896
 MINIMUM TEMPERATURE (F)   41        21      1989
                                             1976


SUNRISE AND SUNSET
MAY  6 2015...........SUNRISE   630 AM CDT   SUNSET   848 PM CDT
MAY  7 2015...........SUNRISE   629 AM CDT   SUNSET   849 PM CDT


-  INDICATES NEGATIVE NUMBERS.
R  INDICATES RECORD WAS SET OR TIED.
MM INDICATES DATA IS MISSING.
T  INDICATES TRACE AMOUNT.

$$
