000
CDUS46 KLOX 050113
CLIWJF


CLIMATE REPORT
NATIONAL WEATHER SERVICE LOS ANGELES/OXNARD CA
613 PM PDT MON MAY 4 2015


...................................

...THE LANCASTER CLIMATE SUMMARY FOR MAY 4 2015...
VALID TODAY AS OF 0600 PM LOCAL TIME.

CLIMATE NORMAL PERIOD 1981 TO 2010
CLIMATE RECORD PERIOD 1948 TO 2015


WEATHER ITEM   OBSERVED TIME   RECORD YEAR NORMAL DEPARTURE LAST
                VALUE   (LST)  VALUE       VALUE  FROM      YEAR
                                                  NORMAL
..................................................................
TEMPERATURE (F)
 TODAY
  MAXIMUM         78   1138 AM  95    2004  79     -1       85
  MINIMUM         53    503 AM  37    1991  51      2       60
  AVERAGE         66                        65      1       73

PRECIPITATION (IN)
  TODAY            0.00          0.28 1998   0.00   0.00     0.00
  MONTH TO DATE    0.00                      0.02  -0.02     0.00
  SINCE OCT 1      4.33                      6.92  -2.59     3.91
  SINCE JAN 1      1.41                      4.79  -3.38     2.32

SNOWFALL (IN)
  TODAY            0.0           0.0    MM   0.0             0.0
  MONTH TO DATE    0.0                       0.0             0.0
  SINCE MAR 1      0.0                       0.0             0.0
  SINCE JUL 1      0.0                       2.3             0.0
  SNOW DEPTH       0

DEGREE DAYS
 HEATING
  TODAY            0                         3     -3        0
  MONTH TO DATE    0                        14    -14        3
  SINCE MAR 1    402                       589   -187      451
  SINCE JUL 1   2271                      2882   -611     2688

 COOLING
  TODAY            1                         3     -2        8
  MONTH TO DATE   11                        11      0       28
  SINCE MAR 1     39                        41     -2       50
  SINCE JAN 1     39                        41     -2       56
..................................................................


WIND (MPH)
  HIGHEST WIND SPEED    32   HIGHEST WIND DIRECTION    SW (240)
  HIGHEST GUST SPEED    40   HIGHEST GUST DIRECTION     W (250)
  AVERAGE WIND SPEED    17.4


SKY COVER
  POSSIBLE SUNSHINE  MM
  AVERAGE SKY COVER 0.0


WEATHER CONDITIONS
 THE FOLLOWING WEATHER WAS RECORDED TODAY.
  NO SIGNIFICANT WEATHER WAS OBSERVED.


RELATIVE HUMIDITY (PERCENT)
 HIGHEST    55           300 AM
 LOWEST     19          1000 AM
 AVERAGE    37

..........................................................


THE LANCASTER CLIMATE NORMALS FOR TOMORROW
                         NORMAL    RECORD    YEAR
 MAXIMUM TEMPERATURE (F)   79        97      1989
 MINIMUM TEMPERATURE (F)   51        37      1952


SUNRISE AND SUNSET
MAY  4 2015...........SUNRISE   600 AM PDT   SUNSET   740 PM PDT
MAY  5 2015...........SUNRISE   559 AM PDT   SUNSET   741 PM PDT


-  INDICATES NEGATIVE NUMBERS.
R  INDICATES RECORD WAS SET OR TIED.
MM INDICATES DATA IS MISSING.
T  INDICATES TRACE AMOUNT.




$$
