000
CDUS45 KLKN 190931
CLIWMC


CLIMATE REPORT
NATIONAL WEATHER SERVICE ELKO NV
228 AM PDT SUN APR 19 2015


...................................

...THE WINNEMUCCA AIRPORT NV CLIMATE SUMMARY FOR APRIL 18 2015...

CLIMATE NORMAL PERIOD 1981 TO 2010
CLIMATE RECORD PERIOD 1877 TO 2015


WEATHER ITEM   OBSERVED TIME   RECORD YEAR NORMAL DEPARTURE LAST
                VALUE   (LST)  VALUE       VALUE  FROM      YEAR
                                                  NORMAL
..................................................................
TEMPERATURE (F)
 YESTERDAY
  MAXIMUM         73    255 PM  84    1994  63     10       69
  MINIMUM         25    535 AM  13    2013  31     -6       38
                                      1970
                                      1959
  AVERAGE         49                        47      2       54

PRECIPITATION (IN)
  YESTERDAY        0.00          0.90 1913   0.03  -0.03     0.00
  MONTH TO DATE    0.16                      0.52  -0.36     0.14
  SINCE OCT 1      4.07                      5.36  -1.29     5.52
  SINCE JAN 1      1.50                      2.88  -1.38     2.86

SNOWFALL (IN)
  YESTERDAY        0.0           4.3  2007   0.0    0.0      0.0
  MONTH TO DATE    1.4                       1.1    0.3      1.2
  SINCE MAR 1      1.4                       4.3   -2.9      1.9
  SINCE JUL 1      4.3                      20.3  -16.0     23.4
  SNOW DEPTH       0

DEGREE DAYS
 HEATING
  YESTERDAY       16                        18     -2       11
  MONTH TO DATE  414                       357     57      312
  SINCE MAR 1   1011                      1096    -85     1015
  SINCE JUL 1   4793                      5685   -892     5674

 COOLING
  YESTERDAY        0                         0      0        0
  MONTH TO DATE    0                         0      0        0
  SINCE MAR 1      0                         0      0        0
  SINCE JAN 1      0                         0      0        0
..................................................................


WIND (MPH)
  HIGHEST WIND SPEED    23   HIGHEST WIND DIRECTION     N (340)
  HIGHEST GUST SPEED    30   HIGHEST GUST DIRECTION    NW (330)
  AVERAGE WIND SPEED     8.0



WEATHER CONDITIONS
 THE FOLLOWING WEATHER WAS RECORDED YESTERDAY.
  NO SIGNIFICANT WEATHER WAS OBSERVED.


RELATIVE HUMIDITY (PERCENT)
 HIGHEST    42           300 AM
 LOWEST     15           100 PM
 AVERAGE    29

..........................................................


THE WINNEMUCCA AIRPORT NV CLIMATE NORMALS FOR TODAY
                         NORMAL    RECORD    YEAR
 MAXIMUM TEMPERATURE (F)   63        85      1934
 MINIMUM TEMPERATURE (F)   31        16      1979
                                             1966


SUNRISE AND SUNSET
APRIL 19 2015.........SUNRISE   606 AM PDT   SUNSET   735 PM PDT
APRIL 20 2015.........SUNRISE   605 AM PDT   SUNSET   736 PM PDT


-  INDICATES NEGATIVE NUMBERS.
R  INDICATES RECORD WAS SET OR TIED.
MM INDICATES DATA IS MISSING.
T  INDICATES TRACE AMOUNT.




$$
