000
CDUS45 KRIW 020734
CLIWRL


CLIMATE REPORT
NATIONAL WEATHER SERVICE RIVERTON WY
134 AM MDT THU APR 2 2015


...................................

...THE WORLAND WY CLIMATE SUMMARY FOR APRIL 1 2015...

CLIMATE NORMAL PERIOD 1981 TO 2010
CLIMATE RECORD PERIOD 1947 TO 2015


WEATHER ITEM   OBSERVED TIME   RECORD YEAR NORMAL DEPARTURE LAST
                VALUE   (LST)  VALUE       VALUE  FROM      YEAR
                                                  NORMAL
..................................................................
TEMPERATURE (F)
 YESTERDAY
  MAXIMUM         53    435 PM  74    2012  56     -3       50
  MINIMUM         29   1159 PM   9    2008  27      2       24
  AVERAGE         41                        42     -1       37

PRECIPITATION (IN)
  YESTERDAY        0.00          0.35 1979   0.02  -0.02      T
  MONTH TO DATE    0.00                      0.02  -0.02      T
  SINCE MAR 1      T                         0.48  -0.48     0.40
  SINCE JAN 1      0.77                      0.90  -0.13     0.78

DEGREE DAYS
 HEATING
  YESTERDAY       24                        23      1       28
  MONTH TO DATE   24                        23      1       28
  SINCE MAR 1    745                       908   -163      968
  SINCE JUL 1   6654                      6909   -255     7348

 COOLING
  YESTERDAY        0                         0      0        0
  MONTH TO DATE    0                         0      0        0
  SINCE MAR 1      0                         0      0        0
  SINCE JAN 1      0                         0      0        0
..................................................................


WIND (MPH)
  HIGHEST WIND SPEED    29   HIGHEST WIND DIRECTION    NW (330)
  HIGHEST GUST SPEED    36   HIGHEST GUST DIRECTION     N (340)
  AVERAGE WIND SPEED    10.6


SKY COVER
  POSSIBLE SUNSHINE  MM
  AVERAGE SKY COVER 0.5


WEATHER CONDITIONS
 THE FOLLOWING WEATHER WAS RECORDED YESTERDAY.
  NO SIGNIFICANT WEATHER WAS OBSERVED.


RELATIVE HUMIDITY (PERCENT)
 HIGHEST    58           500 AM
 LOWEST     16           400 PM
 AVERAGE    37

..........................................................


THE WORLAND WY CLIMATE NORMALS FOR TODAY
                         NORMAL    RECORD    YEAR
 MAXIMUM TEMPERATURE (F)   56        77      2011
 MINIMUM TEMPERATURE (F)   28         9      1975


SUNRISE AND SUNSET
APRIL  2 2015.........SUNRISE   652 AM MDT   SUNSET   740 PM MDT
APRIL  3 2015.........SUNRISE   650 AM MDT   SUNSET   741 PM MDT


-  INDICATES NEGATIVE NUMBERS.
R  INDICATES RECORD WAS SET OR TIED.
MM INDICATES DATA IS MISSING.
T  INDICATES TRACE AMOUNT.




$$
