000
CXUS53 KABR 011447
CLMABR


CLIMATE REPORT
NATIONAL WEATHER SERVICE ABERDEEN SD
943 AM CDT WED APR 1 2015

...................................

...THE ABERDEEN SD CLIMATE SUMMARY FOR THE MONTH OF MARCH 2015...

CLIMATE NORMAL PERIOD 1981 TO 2010
CLIMATE RECORD PERIOD 1893 TO 2015

WEATHER         OBSERVED          NORMAL  DEPART  LAST YEAR`S
                 VALUE   DATE(S)  VALUE   FROM    VALUE  DATE(S)
                                          NORMAL
................................................................
TEMPERATURE (F)
RECORD
 HIGH              86   03/31/1946
 LOW              -32   03/08/1995
HIGHEST            79   03/15        MM      MM       62  03/30
LOWEST            -19   03/05        MM      MM      -16  03/02
AVG. MAXIMUM     50.0              40.0    10.0     36.5
AVG. MINIMUM     19.8              19.8     0.0     14.2
MEAN             34.9              29.9     5.0     25.3
DAYS MAX >= 90      0               0.0     0.0        0
DAYS MAX <= 32      5               7.8    -2.8       12
DAYS MIN <= 32     26              27.9    -1.9       30
DAYS MIN <= 0       5               2.2     2.8        3

PRECIPITATION (INCHES)
RECORD
 MAXIMUM         7.55   1897
 MINIMUM         0.04   1971
TOTALS           0.23              1.16   -0.93     0.77
DAYS >= .01         5               7.7    -2.7       10
DAYS >= .10         1               3.2    -2.2        2
DAYS >= .50         0               0.6    -0.6        0
DAYS >= 1.00        0               0.1    -0.1        0

SNOWFALL (INCHES)
RECORDS
 TOTAL           27.9   1975
                        0
                        0
 SNOW DEPTH        24   03/01/2001
TOTALS            1.7               7.2    -5.5      8.1
SINCE 7/1        20.2              35.0   -14.8     32.5
SNOWDEPTH AVG.      0                 3      -3        0
DAYS >= TRACE       4               5.2    -1.2        7
DAYS >= 1.0         0               1.9    -1.9        3
GREATEST
 SNOW DEPTH         1   03/06                          3  03/06
                        03/05                             03/05
                        03/04

DEGREE_DAYS
HEATING TOTAL     925              1088    -163     1222
 SINCE 7/1       7193              7551    -358     8381
COOLING TOTAL       0                 0       0        0
 SINCE 1/1          0                 0       0        0

FREEZE DATES
RECORD
 EARLIEST     MM
 LATEST       MM
EARLIEST                        MM
LATEST                          MM
.................................................................

WIND (MPH)
AVERAGE WIND SPEED              11.8
RESULTANT WIND SPEED/DIRECTION   1/217
HIGHEST WIND SPEED/DIRECTION    38/320    DATE  03/29
HIGHEST GUST SPEED/DIRECTION    47/330    DATE  03/29

SKY COVER
POSSIBLE SUNSHINE (PERCENT)   MM
AVERAGE SKY COVER           0.30
NUMBER OF DAYS FAIR           19
NUMBER OF DAYS PC             10
NUMBER OF DAYS CLOUDY          2

AVERAGE RH (PERCENT)     63

WEATHER CONDITIONS. NUMBER OF DAYS WITH
THUNDERSTORM              0     MIXED PRECIP               0
HEAVY RAIN                0     RAIN                       0
LIGHT RAIN                3     FREEZING RAIN              0
LT FREEZING RAIN          0     HAIL                       0
HEAVY SNOW                0     SNOW                       1
LIGHT SNOW                5     SLEET                      0
FOG                       9     FOG W/VIS <= 1/4 MILE      2
HAZE                      6

-  INDICATES NEGATIVE NUMBERS.
R  INDICATES RECORD WAS SET OR TIED.
MM INDICATES DATA IS MISSING.
T  INDICATES TRACE AMOUNT.

$$
