000
CXUS52 KGSP 011216
CLMCLT

CLIMATE REPORT
NATIONAL WEATHER SERVICE GREENVILLE-SPARTANBURG SC
809 AM EDT WED APR 1 2015

...................................

...THE CHARLOTTE CLIMATE SUMMARY FOR THE MONTH OF MARCH 2015...

CLIMATE NORMAL PERIOD 1981 TO 2010
CLIMATE RECORD PERIOD 1878 TO 2015

WEATHER         OBSERVED          NORMAL  DEPART  LAST YEAR`S
                 VALUE   DATE(S)  VALUE   FROM    VALUE  DATE(S)
                                          NORMAL
................................................................
TEMPERATURE (F)
RECORD
 HIGH              91   03/23/1907
 LOW                4   03/03/1980
HIGHEST            84   03/17        MM      MM       78  03/11
LOWEST             23   03/07        MM      MM       20  03/04
AVG. MAXIMUM     66.0              63.1     2.9     60.4
AVG. MINIMUM     42.2              39.3     2.9     34.2
MEAN             54.1              51.2     2.9     47.3
DAYS MAX >= 90      0               0.0     0.0        0
DAYS MAX <= 32      0               0.0     0.0        0
DAYS MIN <= 32      5               6.9    -1.9       16
DAYS MIN <= 0       0               0.0     0.0        0

PRECIPITATION (INCHES)
RECORD
 MAXIMUM        11.13   1891
 MINIMUM         0.58   1985
TOTALS           2.19              4.01   -1.82     4.48
DAILY AVG.       0.07              0.13   -0.06     0.14
DAYS >= .01        12               9.6     2.4       11
DAYS >= .10         8               6.7     1.3        8
DAYS >= .50         1               3.0    -2.0        3
DAYS >= 1.00        0               1.0    -1.0        2
GREATEST
 24 HR. TOTAL    0.54   03/13 TO 03/14           03/07 TO 03/07
                                                          03/03 TO 03/03
                                                          03/03 TO 03/03
 STORM TOTAL       MM                                 MM
 (MM/DD(HH))            MM                    03/07(00) TO 03/07(00)
                                                 03/03(00) TO 03/03(00)3
                                                 03/03(00) TO 03/03(00)3

SNOWFALL (INCHES)
RECORDS
 TOTAL           19.3   1960
 24 HR TOTAL     10.3   03/24/1983 TO 03/24/1983
 SNOW DEPTH         9   03/24/1983
TOTALS            0.0               0.6    -0.6        T
 LIQUID EQUIV    0.00              0.10   -0.10       MM
SINCE 7/1         3.1               4.3    -1.2      9.3
 LIQUID 7/1      0.31              0.40   -0.09     0.93
SNOWDEPTH AVG.      0                MM      MM        0
DAYS >= TRACE       0               0.2    -0.2        1
DAYS >= 1.0         0               0.1    -0.1        0
GREATEST
 SNOW DEPTH         0   MM                             0  MM
 24 HR TOTAL       MM                            03/03 TO 03/03
                                                          03/03 TO 03/03
                                                          03/03 TO 03/03
 STORM TOTAL       MM                                 MM
 (MM/DD(HH))            MM                    03/03(00) TO 03/03(00)
                                                 03/03(00) TO 03/03(00)3
                                                 03/03(00) TO 03/03(00)3

DEGREE_DAYS
HEATING TOTAL     336               433     -97      541
 SINCE 7/1       3107              3132     -25     3217
COOLING TOTAL       7                 5       2        0
 SINCE 1/1          7                 5       2        1

FREEZE DATES
RECORD
 EARLIEST     MM
 LATEST       MM
EARLIEST                        MM
LATEST                          MM
....................................................

WIND (MPH)
AVERAGE WIND SPEED              6.6
HIGHEST WIND SPEED/DIRECTION    36/010    DATE  03/05
HIGHEST GUST SPEED/DIRECTION    46/010    DATE  03/05

SKY COVER
POSSIBLE SUNSHINE (PERCENT)   MM
AVERAGE SKY COVER           0.70
NUMBER OF DAYS FAIR            5
NUMBER OF DAYS PC              9
NUMBER OF DAYS CLOUDY         17

AVERAGE RH (PERCENT)     57

WEATHER CONDITIONS. NUMBER OF DAYS WITH
THUNDERSTORM              0     MIXED PRECIP               0
HEAVY RAIN                2     RAIN                       6
LIGHT RAIN               17     FREEZING RAIN              0
LT FREEZING RAIN          1     HAIL                       0
HEAVY SNOW                0     SNOW                       0
LIGHT SNOW                0     SLEET                      0
FOG                      15     FOG W/VIS <= 1/4 MILE      2
HAZE                      2

-  INDICATES NEGATIVE NUMBERS.
R  INDICATES RECORD WAS SET OR TIED.
MM INDICATES DATA IS MISSING.
T  INDICATES TRACE AMOUNT.

$$
