000
CXUS53 KEAX 011347 RRA
CLMDMO

CLIMATE REPORT
NATIONAL WEATHER SERVICE KANSAS CITY/PLEASANT HILL MO
1241 AM CST MON MAR 2 2015

...................................

...THE SEDALIA CLIMATE SUMMARY FOR THE MONTH OF FEBRUARY 2015...

CLIMATE NORMAL PERIOD 1981 TO 2010
CLIMATE RECORD PERIOD 9999 TO 9999

WEATHER         OBSERVED          NORMAL  DEPART  LAST YEAR`S
                 VALUE   DATE(S)  VALUE   FROM    VALUE  DATE(S)
                                          NORMAL
................................................................
TEMPERATURE (F)
HIGHEST            67   02/07        70      -3       72  02/20
LOWEST              3   02/27         3       0       -6  02/11
                        02/19
AVG. MAXIMUM     36.6              45.8    -9.2     36.4
AVG. MINIMUM     17.9              25.2    -7.3     16.9
MEAN             27.2              36.3    -9.1     26.6
DAYS MAX >= 90      0               0.0     0.0        0
DAYS MAX <= 32     13               5.7     7.3       14
DAYS MIN <= 32     25              22.8     2.2       24
DAYS MIN <= 0       0               1.4    -1.4        3

PRECIPITATION (INCHES)
TOTALS           1.13              1.93   -0.80     0.56
DAILY AVG.       0.04              0.07   -0.03     0.02
DAYS >= .01         6               6.4    -0.4        5
DAYS >= .10         4               3.6     0.4        1
DAYS >= .50         0               1.2    -1.2        0
DAYS >= 1.00        0               0.4    -0.4        0
GREATEST
 24 HR. TOTAL    0.37   02/01 TO 02/01

DEGREE_DAYS
HEATING TOTAL    1051               802     249     1068
 SINCE 7/1       3848              3617     231     4219
COOLING TOTAL       0                 0       0        0
 SINCE 1/1          0                 0       0        0
.................................................................

WIND (MPH)
AVERAGE WIND SPEED              10.5
HIGHEST WIND SPEED/DIRECTION    35/340    DATE  02/25
HIGHEST GUST SPEED/DIRECTION    43/350    DATE  02/12

SKY COVER
POSSIBLE SUNSHINE (PERCENT)   MM
AVERAGE SKY COVER           0.40
NUMBER OF DAYS FAIR           14
NUMBER OF DAYS PC              9
NUMBER OF DAYS CLOUDY          5

AVERAGE RH (PERCENT)     63

WEATHER CONDITIONS. NUMBER OF DAYS WITH
THUNDERSTORM              0     MIXED PRECIP               0
HEAVY RAIN                0     RAIN                       0
LIGHT RAIN                2     FREEZING RAIN              0
LT FREEZING RAIN          5     HAIL                       0
HEAVY SNOW                0     SNOW                       2
LIGHT SNOW               14     SLEET                      0
FOG                      12     FOG W/VIS <= 1/4 MILE      1
HAZE                      8

-  INDICATES NEGATIVE NUMBERS.
R  INDICATES RECORD WAS SET OR TIED.
MM INDICATES DATA IS MISSING.
T  INDICATES TRACE AMOUNT.

$$
