000
CXUS55 KTWC 011552
CLMDUG

CLIMATE REPORT
NATIONAL WEATHER SERVICE TUCSON AZ
851 AM MST WED APR 1 2015

...................................

...THE DOUGLAS AZ CLIMATE SUMMARY FOR THE MONTH OF MARCH 2015...

CLIMATE NORMAL PERIOD 1981 TO 2010
CLIMATE RECORD PERIOD 1948 TO 2015

WEATHER         OBSERVED          NORMAL  DEPART  LAST YEAR`S
                 VALUE   DATE(S)  VALUE   FROM    VALUE  DATE(S)
                                          NORMAL
................................................................
TEMPERATURE (F)
RECORD
 HIGH              92   03/12/1989
                        03/11/1989
 LOW               13   03/04/1951
HIGHEST            87   03/28        83       4       83  03/30
LOWEST             28   03/05        24       4       27  03/17
AVG. MAXIMUM     72.8              72.1     0.7     74.4
AVG. MINIMUM     41.8              37.0     4.8     39.3
MEAN             57.3              54.5     2.8     56.8
DAYS MAX >= 90      0               0.1    -0.1        0
DAYS MAX <= 32      0               0.0     0.0        0
DAYS MIN <= 32      2               6.9    -4.9        2
DAYS MIN <= 0       0               0.0     0.0        0

PRECIPITATION (INCHES)
RECORD
 MAXIMUM         2.17   1992
 MINIMUM         0.00   2011
                        2008
                        1984
TOTALS           0.92              0.50    0.42     0.44
DAILY AVG.       0.03              0.02    0.01     0.01
DAYS >= .01         3               3.5    -0.5        3
DAYS >= .10         2               1.6     0.4        1
DAYS >= .50         0               0.1    -0.1        0
DAYS >= 1.00        0               0.0     0.0        0
GREATEST
 24 HR. TOTAL    0.47   03/18 TO 03/18           03/01 TO 03/01
                                                          03/31 TO 03/31
                                                          03/31 TO 03/31

DEGREE_DAYS
HEATING TOTAL     238               325     -87      250
 SINCE 7/1       2076              2361    -285     2214
COOLING TOTAL       4                 1       3        0
 SINCE 1/1          4                 1       3        0
..................................................

WIND (MPH)
AVERAGE WIND SPEED              8.2
HIGHEST WIND SPEED/DIRECTION    33/190    DATE  03/02
HIGHEST GUST SPEED/DIRECTION    44/080    DATE  03/14

AVERAGE RH (PERCENT)     46

WEATHER CONDITIONS. NUMBER OF DAYS WITH
THUNDERSTORM              0     MIXED PRECIP               0
HEAVY RAIN                2     RAIN                       3
LIGHT RAIN                5     FREEZING RAIN              0
LT FREEZING RAIN          0     HAIL                       0
HEAVY SNOW                0     SNOW                       0
LIGHT SNOW                0     SLEET                      0
FOG                       4     FOG W/VIS <= 1/4 MILE      1
HAZE                      0

-  INDICATES NEGATIVE NUMBERS.
R  INDICATES RECORD WAS SET OR TIED.
MM INDICATES DATA IS MISSING.
T  INDICATES TRACE AMOUNT.

$$
