000
CXUS56 KHNX 030650
CLMMAE

CLIMATE REPORT
NATIONAL WEATHER SERVICE SAN JOAQUIN VALLEY - HANFORD CA
1150 PM PDT THU APR 2 2015

...................................

...THE MADERA CA AIRPORT CLIMATE SUMMARY FOR THE MONTH OF MARCH 2015...

CLIMATE NORMAL PERIOD 1981 TO 2010
CLIMATE RECORD PERIOD 1998 TO 2015

WEATHER         OBSERVED          NORMAL  DEPART  LAST YEAR`S
                 VALUE   DATE(S)  VALUE   FROM    VALUE  DATE(S)
                                          NORMAL
................................................................
TEMPERATURE (F)
RECORD
 HIGH              91   03/15/2015
 LOW               29   03/10/2009
HIGHEST            91R  03/15        MM      MM       82  03/16
LOWEST             34   03/05        MM      MM       37  03/13
                        03/03
AVG. MAXIMUM     77.5              66.3    11.2     72.3
AVG. MINIMUM     45.5              42.1     3.4     45.0
MEAN             61.5              54.2     7.3     58.6
DAYS MAX >= 90      1               0.0     1.0        0
DAYS MIN <= 32      0               0.3    -0.3        0

PRECIPITATION (INCHES)
RECORD
 MAXIMUM         4.26   2006
TOTALS           0.01              1.80   -1.79     0.66
DAYS >= .01         1                MM      MM        9
DAYS >= .10         0                MM      MM        2
DAYS >= .50         0                MM      MM        0
DAYS >= 1.00        0                MM      MM        0
GREATEST
 24 HR. TOTAL    0.01   03/02 TO 03/02

SNOWFALL (INCHES)
RECORDS
 TOTAL             MM   MM
TOTALS            0.0                MM

DEGREE_DAYS
HEATING TOTAL     130               336    -206      190
 SINCE 7/1       1580              2418    -838     2017
COOLING TOTAL      30                 1      29        0
 SINCE 1/1         32                 1      31        0
.................................................................

WIND (MPH)
AVERAGE WIND SPEED              6.0
HIGHEST WIND SPEED/DIRECTION    29/320    DATE  03/31
HIGHEST GUST SPEED/DIRECTION    38/310    DATE  03/15

AVERAGE RH (PERCENT)     56

WEATHER CONDITIONS. NUMBER OF DAYS WITH
THUNDERSTORM              0     RAIN                       2
HAIL                      0     FOG                        9
FOG W/VIS <= 1/4 MILE     2     HAZE                       8

-  INDICATES NEGATIVE NUMBERS.
R  INDICATES RECORD WAS SET OR TIED.
MM INDICATES DATA IS MISSING.
T  INDICATES TRACE AMOUNT.

$$

SANGER/OCHS

WEATHER.GOV/HANFORD
