000
CXUS56 KSGX 011430
CLMRAL


CLIMATE REPORT
NATIONAL WEATHER SERVICE SAN DIEGO, CA
730 AM PDT FRI MAY 1 2015

...................................

...THE RIVERSIDE MUNI AIRPORT CA CLIMATE SUMMARY FOR THE MONTH OF APRIL 2015...

CLIMATE NORMAL PERIOD 1981 TO 2010
CLIMATE RECORD PERIOD 1893 TO 2015

WEATHER         OBSERVED          NORMAL  DEPART  LAST YEAR`S
                 VALUE   DATE(S)  VALUE   FROM    VALUE  DATE(S)
                                          NORMAL
................................................................
TEMPERATURE (F)
RECORD
 HIGH             105   04/06/1989
 LOW               29   04/04/1970
HIGHEST            96   04/29        76      20       94  04/09
                                                          04/08
LOWEST             45   04/07        49      -4       43  04/03
AVG. MAXIMUM     78.8              75.3     3.5     79.7
AVG. MINIMUM     52.4              50.4     2.0     52.0
MEAN             65.6              62.8     2.8     65.9
DAYS MAX >= 90      3               2.7     0.3        6
DAYS MAX <= 32      0               0.0     0.0        0
DAYS MAX >= 100     0                                  0
DAYS MAX >= 110     0                                  0
DAYS MIN <= 32      0               0.0     0.0        0

PRECIPITATION (INCHES)
RECORD
 MAXIMUM         3.64   1965
 MINIMUM         0.00   2008
                        1993
                        1992
TOTALS           0.37              0.80   -0.43     0.36
DAILY AVG.       0.01              0.03   -0.02     0.01
DAYS >= .01         2                MM      MM        3
DAYS >= .10         1                MM      MM        1
DAYS >= .50         0                MM      MM        0
DAYS >= 1.00        0                MM      MM        0
DAYS >= 1.50        0                                  0
DAYS >= 2.00        0                                  0
GREATEST
 24 HR. TOTAL    0.31   04/25 TO 04/25           04/25 TO 04/25
                        04/24 TO 04/25                    04/25 TO 04/26
                        04/25 TO 04/25                    04/26 TO 04/26
 STORM TOTAL       MM                                 MM
 (MM/DD(HH))            MM                    04/25(00) TO 04/25(00)
                                                 04/26(00) TO 04/26(00)6
                                                 04/26(00) TO 04/26(00)6

SNOWFALL (INCHES)
RECORDS
 24 HR TOTAL       MM
TOTALS            0.0                MM      MM      0.0
 LIQUID EQUIV    0.00                MM      MM     0.00
SINCE 7/1         0.0                MM      MM      0.0
 LIQUID 7/1      0.00                MM      MM     0.00
SNOWDEPTH AVG.      0                MM      MM        0
DAYS >= TRACE       0                MM      MM        0
DAYS >= 1.0         0                MM      MM        0
GREATEST
 SNOW DEPTH         0   MM                             0  MM
 24 HR TOTAL      0.0   04/30 TO 04/30           04/30 TO 04/30
                                                          04/26 TO 04/26
                                                          04/26 TO 04/26
 STORM TOTAL       MM                                 MM
 (MM/DD(HH))            MM                    04/30(00) TO 04/30(00)
                                                 04/26(00) TO 04/26(00)6
                                                 04/26(00) TO 04/26(00)6

DEGREE_DAYS
HEATING TOTAL      52               107     -55       58
 SINCE 7/1        714              1420    -706      795
COOLING TOTAL      78                42      36       93
 SINCE 1/1        231                63     168      152

FREEZE DATES
RECORD
 EARLIEST     10/21/1949
 LATEST       04/28/1894
EARLIEST                        12/04
LATEST                          02/24
.......................................................

WIND (MPH)
AVERAGE WIND SPEED              5.7
RESULTANT WIND SPEED/DIRECTION   3/278
HIGHEST WIND SPEED/DIRECTION    22/250    DATE  04/26
HIGHEST GUST SPEED/DIRECTION    33/030    DATE  04/15

SKY COVER
POSSIBLE SUNSHINE (PERCENT)   MM
AVERAGE SKY COVER           0.20
NUMBER OF DAYS FAIR           24
NUMBER OF DAYS PC              2
NUMBER OF DAYS CLOUDY          4

AVERAGE RH (PERCENT)     48

WEATHER CONDITIONS. NUMBER OF DAYS WITH
THUNDERSTORM              0     MIXED PRECIP               0
HEAVY RAIN                1     RAIN                       1
LIGHT RAIN                2     FREEZING RAIN              0
LT FREEZING RAIN          0     HAIL                       0
HEAVY SNOW                0     SNOW                       0
LIGHT SNOW                0     SLEET                      0
FOG                       4     FOG W/VIS <= 1/4 MILE      0
HAZE                      4

-  INDICATES NEGATIVE NUMBERS.
R  INDICATES RECORD WAS SET OR TIED.
MM INDICATES DATA IS MISSING.
T  INDICATES TRACE AMOUNT.

$$
