000
CXUS56 KMTR 011000
CF6OAK
PRELIMINARY LOCAL CLIMATOLOGICAL DATA (WS FORM: F-6)

                                          STATION:   OAKLAND AIRPORT
                                          MONTH:     JUNE
                                          YEAR:      2011
                                          LATITUDE:   37 43 N
                                          LONGITUDE: 122 13 W

  TEMPERATURE IN F:       :PCPN:    SNOW:  WIND      :SUNSHINE: SKY     :PK WND
================================================================================
1   2   3   4   5  6A  6B    7    8   9   10  11  12  13   14  15   16   17  18
                                     12Z  AVG MX 2MIN
DY MAX MIN AVG DEP HDD CDD  WTR  SNW DPTH SPD SPD DIR MIN PSBL S-S WX    SPD DR
================================================================================

 1  62  52  57  -4   8   0 0.14  0.0    0 11.4 21 180   M    M   7        25 190
 2  65  53  59  -2   6   0 0.00  0.0    0  8.4 18 280   M    M   7        23 260
 3  62  51  57  -4   8   0 0.07  0.0    0  4.6 12 300   M    M   9        21 180
 4  65  54  60  -1   5   0 0.88  0.0    0 11.1 28 150   M    M   9 1      37 360
 5  65  56  61   0   4   0    T  0.0    0  8.5 17 280   M    M   8        21 280
 6  61  56  59  -2   6   0    T  0.0    0 10.0 15 250   M    M   9         M  M
 7  65  54  60  -2   5   0 0.00  0.0    0  8.2 17 280   M    M   6        23 250
 8  64  54  59  -3   6   0 0.00  0.0    0  8.8 16 260   M    M   6        20 250
 9  66  53  60  -2   5   0 0.00  0.0    0  9.4 20 290   M    M   6        22 290
10  63  52  58  -4   7   0 0.00  0.0    0 14.7 23 240   M    M   6        25 250
11  61  51  56  -6   9   0 0.00  0.0    0 16.4 24 260   M    M   9        29 260
12  66  51  59  -3   6   0 0.00  0.0    0 10.4 20 270   M    M   6        22 250
13  64  53  59  -3   6   0 0.00  0.0    0  9.2 17 280   M    M   6        20 260
14  78  50  64   2   1   0 0.00  0.0    0  6.7 17 290   M    M   2        20 290
15  75  53  64   2   1   0 0.00  0.0    0  8.7 21 290   M    M   1        23 290
16  67  50  59  -3   6   0 0.00  0.0    0  6.4 16 280   M    M   4 18     18 290
17  67  54  61  -1   4   0 0.00  0.0    0  8.2 17 280   M    M   4        23 260
18  67  51  59  -4   6   0 0.00  0.0    0  8.5 21 310   M    M   7        25 300
19  78  53  66   3   0   1    T  0.0    0  5.8 17 280   M    M   3 1      21 300
20  91  57  74  11   0   9 0.00  0.0    0  6.1 17 290   M    M   2        21 310
21  87  56  72   9   0   7 0.00  0.0    M  7.0 15 300   M    M   1         M  M
22  69  52  61  -2   4   0 0.00  0.0    0 10.4 21 290   M    M   4        24 290
23  67  52  60  -3   5   0 0.00  0.0    0  8.1 18 270   M    M   4        21 270
24  70  52  61  -2   4   0 0.00  0.0    0 11.3 17 270   M    M   3        28 230
25  64  52  58  -5   7   0 0.00  0.0    0  9.7 16 280   M    M   5        23 230
26  70  53  62  -1   3   0 0.00  0.0    0  9.8 18 270   M    M   3        26 220
27  64  53  59  -4   6   0 0.00  0.0    0  9.5 17 270   M    M   7        21 270
28  59  54  57  -6   8   0 0.79  0.0    0  7.0 17 290   M    M  10 1      21 240
29  65  53  59  -4   6   0 0.00  0.0    0 10.2 16 270   M    M   7        22 250
30  71  52  62  -1   3   0 0.00  0.0    0  7.2 18 290   M    M   2        21 290
================================================================================
SM 2038 1587       145  17  1.88     0.0 271.7          M      163
================================================================================
AV 67.9 52.9                               9.1 FASTST   M    M   5    MAX(MPH)
                                 MISC ---->  # 28 150               # 37  360
================================================================================
NOTES:
# LAST OF SEVERAL OCCURRENCES

COLUMN 17 PEAK WIND IN M.P.H.

PRELIMINARY LOCAL CLIMATOLOGICAL DATA (WS FORM: F-6) , PAGE 2

                                          STATION:  OAKLAND AIRPORT
                                          MONTH:    JUNE
                                          YEAR:     2011
                                          LATITUDE:   37 43 N
                                          LONGITUDE: 122 13 W

[TEMPERATURE DATA]      [PRECIPITATION DATA]       SYMBOLS USED IN COLUMN 16

AVERAGE MONTHLY: 60.4   TOTAL FOR MONTH:   1.88    1 = FOG OR MIST
DPTR FM NORMAL:     M   DPTR FM NORMAL:    1.79    2 = FOG REDUCING VISIBILITY
HIGHEST:    91 ON 20    GRTST 24HR  0.95 ON  3- 4      TO 1/4 MILE OR LESS
LOWEST:     50 ON 16,14                            3 = THUNDER
                        SNOW, ICE PELLETS, HAIL    4 = ICE PELLETS
                        TOTAL MONTH:   0.0 INCH    5 = HAIL
                        GRTST 24HR     0.0         6 = FREEZING RAIN OR DRIZZLE
                        GRTST DEPTH:   0           7 = DUSTSTORM OR SANDSTORM:
                                                       VSBY 1/2 MILE OR LESS
                                                   8 = SMOKE OR HAZE
[NO. OF DAYS WITH]      [WEATHER - DAYS WITH]      9 = BLOWING SNOW
                                                   X = TORNADO
MAX 32 OR BELOW:   0    0.01 INCH OR MORE:   4
MAX 90 OR ABOVE:   1    0.10 INCH OR MORE:   3
MIN 32 OR BELOW:   0    0.50 INCH OR MORE:   2
MIN  0 OR BELOW:   0    1.00 INCH OR MORE:   0

[HDD (BASE 65) ]
TOTAL THIS MO.   145    CLEAR  (SCALE 0-3)   6
DPTR FM NORMAL    30    PTCLDY (SCALE 4-7)  19
TOTAL FM JUL 1  2799    CLOUDY (SCALE 8-10)  5
DPTR FM NORMAL  -113

[CDD (BASE 65) ]
TOTAL THIS MO.    17
DPTR FM NORMAL    -5    [PRESSURE DATA]
TOTAL FM JAN 1    24    HIGHEST SLP 30.04 ON 30
DPTR FM NORMAL    -4    LOWEST  SLP 29.94 ON M

[REMARKS]
#FINAL-06-11#
