000
CXUS56 KEKA 011230
CF6UKI
PRELIMINARY LOCAL CLIMATOLOGICAL DATA (WS FORM: F-6)

                                          STATION:   UKIAH CA
                                          MONTH:     MAY
                                          YEAR:      2013
                                          LATITUDE:   39  7 N
                                          LONGITUDE: 123 12 W

  TEMPERATURE IN F:       :PCPN:    SNOW:  WIND      :SUNSHINE: SKY     :PK WND
================================================================================
1   2   3   4   5  6A  6B    7    8   9   10  11  12  13   14  15   16   17  18
                                     12Z  AVG MX 2MIN
DY MAX MIN AVG DEP HDD CDD  WTR  SNW DPTH SPD SPD DIR MIN PSBL S-S WX    SPD DR
================================================================================

 1  90  42  66   7   0   1 0.00  0.0    0  2.2 14 180   M    M   0        18 160
 2  92  44  68   9   0   3 0.00  0.0    0  2.3 14 300   M    M   0        20 310
 3  95  45  70  10   0   5 0.00  0.0    0  1.7 15 280   M    M   0        20 290
 4  93  45  69   9   0   4 0.00  0.0    0  3.5 24 100   M    M   0        32  90
 5  66  53  60   0   5   0    T  0.0    0 10.3 21 170   M    M   6        29 140
 6  66  52  59  -1   6   0 0.02  0.0    0  3.0 10 250   M    M   9        14 250
 7  73  51  62   2   3   0 0.00  0.0    0  3.4 12 320   M    M   8        18 220
 8  75  50  63   2   2   0 0.00  0.0    0  3.4 13 360   M    M   5        16 350
 9  83  50  67   6   0   2 0.00  0.0    0  3.2 14 360   M    M   1        22  20
10  91  50  71  10   0   6 0.00  0.0    0  2.2 14 350   M    M   0        20  20
11  94  52  73  12   0   8 0.00  0.0    0  3.1 12 130   M    M   0        16 140
12  87  50  69   8   0   4 0.00  0.0    0  3.0 15 330   M    M   0        18 310
13  85  50  68   6   0   3 0.00  0.0    0  5.6 15 350   M    M   0        22  20
14  85  54  70   8   0   5 0.00  0.0    0  6.9 17 350   M    M   0        25 320
15  77  50  64   2   1   0 0.00  0.0    0  7.9 18 290   M    M   0        24 270
16  70  50  60  -2   5   0 0.00  0.0    0  6.9 17 330   M    M   3        22 330
17  73  44  59  -3   6   0 0.00  0.0    0  5.0 15 340   M    M   0        22 320
18  77  45  61  -1   4   0 0.00  0.0    0  6.4 21 290   M    M   0        29 270
19  84  46  65   3   0   0 0.00  0.0    0  3.2 14 320   M    M   0        18 330
20  91  46  69   6   0   4 0.00  0.0    0  3.5 18 320   M    M   0        23 330
21  67  47  57  -6   8   0 0.00  0.0    0 13.7 22 290   M    M   0        31 310
22  64  44  54  -9  11   0 0.00  0.0    0 10.9 22 270   M    M   0        30 260
23  70  44  57  -6   8   0 0.00  0.0    0  6.4 20 280   M    M   0        25 280
24  72  42  57  -6   8   0 0.00  0.0    0  6.5 16 320   M    M   0        21 330
25  75  44  60  -3   5   0 0.00  0.0    0  6.0 17 330   M    M   0        28 340
26  73  51  62  -1   3   0 0.00  0.0    0  7.5 18 320   M    M   3        25 320
27  62  49  56  -8   9   0 0.12    M    0  2.8  8 180   M    M   8 1      10 170
28  75  56  66   2   0   1    T  0.0    0  4.2 14 330   M    M   5        18 320
29  74  51  63  -1   2   0    T  0.0    0  6.8 17 320   M    M   4        25 320
30  78  45  62  -2   3   0 0.00  0.0    0  5.6 16 340   M    M   0        24 350
31  87  45  66   2   0   1 0.00  0.0    0  4.3 14 330   M    M   0        20 350
================================================================================
SM 2444 1487        89  47  0.14     0.0 161.4          M       52
================================================================================
AV 78.8 48.0                               5.2 FASTST   M    M   2    MAX(MPH)
                                 MISC ---->    24   M               # 32   90
================================================================================
NOTES:
# LAST OF SEVERAL OCCURRENCES

COLUMN 17 PEAK WIND IN M.P.H.

PRELIMINARY LOCAL CLIMATOLOGICAL DATA (WS FORM: F-6) , PAGE 2

                                          STATION:  UKIAH CA
                                          MONTH:    MAY
                                          YEAR:     2013
                                          LATITUDE:   39  7 N
                                          LONGITUDE: 123 12 W

[TEMPERATURE DATA]      [PRECIPITATION DATA]       SYMBOLS USED IN COLUMN 16

AVERAGE MONTHLY: 63.4   TOTAL FOR MONTH:   0.14    1 = FOG OR MIST
DPTR FM NORMAL:   1.5   DPTR FM NORMAL:   -1.28    2 = FOG REDUCING VISIBILITY
HIGHEST:    95 ON  3    GRTST 24HR  0.12 ON 27-27      TO 1/4 MILE OR LESS
LOWEST:     42 ON 24, 1                            3 = THUNDER
                        SNOW, ICE PELLETS, HAIL    4 = ICE PELLETS
                        TOTAL MONTH:   0.0 INCH    5 = HAIL
                        GRTST 24HR     0.0         6 = FREEZING RAIN OR DRIZZLE
                        GRTST DEPTH:   0           7 = DUSTSTORM OR SANDSTORM:
                                                       VSBY 1/2 MILE OR LESS
                                                   8 = SMOKE OR HAZE
[NO. OF DAYS WITH]      [WEATHER - DAYS WITH]      9 = BLOWING SNOW
                                                   X = TORNADO
MAX 32 OR BELOW:   0    0.01 INCH OR MORE:   2
MAX 90 OR ABOVE:   7    0.10 INCH OR MORE:   1
MIN 32 OR BELOW:   0    0.50 INCH OR MORE:   0
MIN  0 OR BELOW:   0    1.00 INCH OR MORE:   0

[HDD (BASE 65) ]
TOTAL THIS MO.    89    CLEAR  (SCALE 0-3)  23
DPTR FM NORMAL   -51    PTCLDY (SCALE 4-7)   6
TOTAL FM JUL 1  2734    CLOUDY (SCALE 8-10)  2
DPTR FM NORMAL  -352

[CDD (BASE 65) ]
TOTAL THIS MO.    47
DPTR FM NORMAL     3    [PRESSURE DATA]
TOTAL FM JAN 1    59    HIGHEST SLP 30.19 ON  2
DPTR FM NORMAL     7    LOWEST  SLP 29.48 ON  4

[REMARKS]
#FINAL-05-13#
