000
CXUS56 KPDT 020532
CF6YKM
PRELIMINARY LOCAL CLIMATOLOGICAL DATA (WS FORM: F-6)

                                          STATION:   YAKIMA WA
                                          MONTH:     OCTOBER
                                          YEAR:      2012
                                          LATITUDE:   46 34 N
                                          LONGITUDE: 120 32 W

  TEMPERATURE IN F:       :PCPN:    SNOW:  WIND      :SUNSHINE: SKY     :PK WND
================================================================================
1   2   3   4   5  6A  6B    7    8   9   10  11  12  13   14  15   16   17  18
                                     12Z  AVG MX 2MIN
DY MAX MIN AVG DEP HDD CDD  WTR  SNW DPTH SPD SPD DIR MIN PSBL S-S WX    SPD DR
================================================================================

 1  83  43  63   8   2   0 0.00  0.0    0  4.2 12 270   M    M   0        28 320
 2  81  42  62   7   3   0 0.00  0.0    0  7.2 23  20   M    M   0        30  20
 3  65  30  48  -6  17   0 0.00  0.0    0  6.7 13  70   M    M   0        23  80
 4  66  32  49  -5  16   0 0.00  0.0    0  6.5 14  60   M    M   0        26 310
 5  66  28  47  -7  18   0 0.00  0.0    0  6.7 17 300   M    M   0        30 320
 6  70  27  49  -4  16   0 0.00  0.0    0  4.8 28 320   M    M   0        29 320
 7  72  28  50  -3  15   0 0.00  0.0    0  6.2  9 280   M    M   0        16 160
 8  73  29  51  -1  14   0 0.00  0.0    0  5.1  M   M   M    M   0         M  M
 9  76  39  58   6   7   0 0.00  0.0    0  5.2 12 290   M    M   0         M  M
10  78  34  56   5   9   0 0.00  0.0    0  3.0 10 280   M    M   0        24 220
11  75  36  56   5   9   0 0.00  0.0    0  5.1  M 270   M    M   0         M 320
12  64  34  49  -1  16   0 0.02  0.0    0  1.4  9 280   M    M   5 1      26 250
13  70  40  55   5  10   0    T  0.0    0  3.9 18 210   M    M   5 1      24 210
14  70  49  60  10   5   0 0.02  0.0    0  7.6 25 190   M    M   5        32 200
15  72  45  59  10   6   0 0.21  0.0    0  4.9 21 200   M    M   5 1      29 190
16  63  36  50   1  15   0 0.00  0.0    0 14.2 36 270   M    M   1 1      46 270
17  61  31  46  -2  19   0 0.00  0.0    0  3.4  9 290   M    M   2        16 330
18  62  33  48   0  17   0    T  0.0    0  3.4  M   M   M    M   1         M  M
19  72  39  56   8   9   0    T  0.0    0  8.2  M   M   M    M   6         M  M
20  58  29  44  -3  21   0 0.00  0.0    0  7.7 29 280   M    M   4         M  M
21  54  23  39  -8  26   0 0.00  0.0    0  3.8 13 260   M    M   2        25 220
22  45  34  40  -6  25   0 0.29  0.0    0  3.2 15 360   M    M   9 1      28 220
23  52  28  40  -6  25   0 0.00  0.0    0  2.7 14 200   M    M   5 12     18 240
24  47  34  41  -5  24   0 0.15  0.0    0  2.3 10 240   M    M  10 1      13 240
25  54  31  43  -2  22   0 0.00  0.0    0  3.2 10  80   M    M   3 18     15 100
26  46  36  41  -4  24   0 0.03  0.0    0  1.8 12  10   M    M   8 18     17 160
27  46  37  42  -3  23   0 0.26  0.0    0  1.0  6 290   M    M   9 18      M 330
28  59  40  50   6  15   0 0.02  0.0    0  2.0  9 310   M    M   8 12     18 320
29  70  47  59  15   6   0 0.01  0.0    0  3.2 16 320   M    M   6 1      20 310
30  61  50  56  12   9   0    T  0.0    0  2.1 12 330   M    M   7        21 220
31  60  46  53  10  12   0    T    M    0  3.7 23 190   M    M   2 18     38 310
================================================================================
SM 1991 1110       455   0  1.01     0.0 144.4          M      103
================================================================================
AV 64.2 35.8                               4.7 FASTST   M    M   3    MAX(MPH)
                                 MISC ---->  # 36 270               # 46  270
================================================================================
NOTES:
# LAST OF SEVERAL OCCURRENCES

COLUMN 17 PEAK WIND IN M.P.H.

PRELIMINARY LOCAL CLIMATOLOGICAL DATA (WS FORM: F-6) , PAGE 2

                                          STATION:  YAKIMA WA
                                          MONTH:    OCTOBER
                                          YEAR:     2012
                                          LATITUDE:   46 34 N
                                          LONGITUDE: 120 32 W

[TEMPERATURE DATA]      [PRECIPITATION DATA]       SYMBOLS USED IN COLUMN 16

AVERAGE MONTHLY: 50.0   TOTAL FOR MONTH:   1.01    1 = FOG OR MIST
DPTR FM NORMAL:   1.0   DPTR FM NORMAL:    0.47    2 = FOG REDUCING VISIBILITY
HIGHEST:    83 ON  1    GRTST 24HR  0.29 ON 22-22      TO 1/4 MILE OR LESS
LOWEST:     23 ON 21                               3 = THUNDER
                        SNOW, ICE PELLETS, HAIL    4 = ICE PELLETS
                        TOTAL MONTH:   0.0 INCH    5 = HAIL
                        GRTST 24HR     0.0         6 = FREEZING RAIN OR DRIZZLE
                        GRTST DEPTH:   0           7 = DUSTSTORM OR SANDSTORM:
                                                       VSBY 1/2 MILE OR LESS
                                                   8 = SMOKE OR HAZE
[NO. OF DAYS WITH]      [WEATHER - DAYS WITH]      9 = BLOWING SNOW
                                                   X = TORNADO
MAX 32 OR BELOW:   0    0.01 INCH OR MORE:   9
MAX 90 OR ABOVE:   0    0.10 INCH OR MORE:   4
MIN 32 OR BELOW:  11    0.50 INCH OR MORE:   0
MIN  0 OR BELOW:   0    1.00 INCH OR MORE:   0

[HDD (BASE 65) ]
TOTAL THIS MO.   455    CLEAR  (SCALE 0-3)  17
DPTR FM NORMAL   -41    PTCLDY (SCALE 4-7)  10
TOTAL FM JUL 1   537    CLOUDY (SCALE 8-10)  4
DPTR FM NORMAL  -167

[CDD (BASE 65) ]
TOTAL THIS MO.     0
DPTR FM NORMAL     0    [PRESSURE DATA]
TOTAL FM JAN 1   667    HIGHEST SLP 30.45 ON  3
DPTR FM NORMAL   195    LOWEST  SLP 29.51 ON 16

[REMARKS]
#FINAL-10-12#
