000
CDUS46 KPDT 010850
CLIYKM

CLIMATE REPORT
NATIONAL WEATHER SERVICE PENDLETON OR
150 AM PDT FRI MAY 1 2015


...................................

...THE YAKIMA WA CLIMATE SUMMARY FOR APRIL 30 2015...

CLIMATE NORMAL PERIOD 1981 TO 2010
CLIMATE RECORD PERIOD 1946 TO 2015


WEATHER ITEM   OBSERVED TIME   RECORD YEAR NORMAL DEPARTURE LAST
                VALUE   (LST)  VALUE       VALUE  FROM      YEAR
                                                  NORMAL
..................................................................
TEMPERATURE (F)
 YESTERDAY
  MAXIMUM         73    514 PM  87    1998  68      5       80
                                      1981
                                      1957
  MINIMUM         34    510 AM  25    1986  37     -3       35
  AVERAGE         54                        52      2       58

PRECIPITATION (IN)
  YESTERDAY        0.00          0.44 1987   0.02  -0.02     0.00
  MONTH TO DATE    T                         0.55  -0.55     0.46
  SINCE OCT 1      4.52                      6.21  -1.69     3.62
  SINCE JAN 1      2.42                      3.09  -0.67     2.79

SNOWFALL (IN)
  YESTERDAY        0.0           0.0  2002   0.0    0.0      0.0
                                      2001
                                      2000
  MONTH TO DATE    0.0                       T      0.0      0.0
  SINCE JAN 1      1.6                       8.6   -7.0     19.9
  SINCE JUL 1      1.6                      21.6  -20.0     19.9
  SNOW DEPTH       0

DEGREE DAYS
 HEATING
  YESTERDAY       11                        13     -2        7
  MONTH TO DATE  385                       477    -92      381
  SINCE MAR 1    839                      1155   -316     1015
  SINCE JUL 1   4421                      5682  -1261     5417

 COOLING
  YESTERDAY        0                         0      0        0
  MONTH TO DATE    0                         1     -1        0
  SINCE MAR 1      0                         1     -1        0
  SINCE JAN 1      0                         1     -1        0
..................................................................


WIND (MPH)
  HIGHEST WIND SPEED    10   HIGHEST WIND DIRECTION     W (250)
  HIGHEST GUST SPEED    16   HIGHEST GUST DIRECTION    SE (120)
  AVERAGE WIND SPEED     5.2


SKY COVER
  POSSIBLE SUNSHINE  MM
  AVERAGE SKY COVER 0.0


WEATHER CONDITIONS
 THE FOLLOWING WEATHER WAS RECORDED YESTERDAY.
  NO SIGNIFICANT WEATHER WAS OBSERVED.


RELATIVE HUMIDITY (PERCENT)
 HIGHEST    82           300 AM
 LOWEST     20           200 PM
 AVERAGE    51

..........................................................


THE YAKIMA WA CLIMATE NORMALS FOR TODAY
                         NORMAL    RECORD    YEAR
 MAXIMUM TEMPERATURE (F)   68        88      1998
 MINIMUM TEMPERATURE (F)   38        25      1954


SUNRISE AND SUNSET
MAY  1 2015...........SUNRISE   548 AM PDT   SUNSET   811 PM PDT
MAY  2 2015...........SUNRISE   546 AM PDT   SUNSET   813 PM PDT


-  INDICATES NEGATIVE NUMBERS.
R  INDICATES RECORD WAS SET OR TIED.
MM INDICATES DATA IS MISSING.
T  INDICATES TRACE AMOUNT.




$$
