000
CXUS53 KGRB 010724
CF6AIG
PRELIMINARY LOCAL CLIMATOLOGICAL DATA (WS FORM: F-6)

                                          STATION:   ANTIGO AWOS
                                          MONTH:     MARCH
                                          YEAR:      2015
                                          LATITUDE:   45  9 N
                                          LONGITUDE:  89  8 W

  TEMPERATURE IN F:       :PCPN:    SNOW:  WIND      :SUNSHINE: SKY     :PK WND
================================================================================
1   2   3   4   5  6A  6B    7    8   9   10  11  12  13   14  15   16   17  18
                                     12Z  AVG MX 2MIN
DY MAX MIN AVG DEP HDD CDD  WTR  SNW DPTH SPD SPD DIR MIN PSBL S-S WX    SPD DR
================================================================================

 1  18   5  12  -8  53   0 0.00  0.0    0 10.1 16 240   M    M   6        20 240
 2  23  -2  11  -9  54   0 0.00  0.0    0  6.2 14 280   M    M   2        20 280
 3  26  17  22   1  43   0 0.07    M    0 10.8 21 290   M    M   9 1      27 290
 4  19  -5   7 -14  58   0 0.00  0.0    0 13.9 23 270   M    M   1        36 270
 5   9 -22  -6 -28  71   0 0.00  0.0    0  5.1 12 240   M    M   0         M  M
 6  27  -8  10 -12  55   0 0.00  0.0    0 10.4 20 240   M    M   2        22 230
 7  36   4  20  -2  45   0 0.00  0.0    0  6.7 15 320   M    M   7        22 320
 8  38  13  26   3  39   0 0.00  0.0    0 10.5 20 260   M    M   5        27 300
 9  45  12  29   6  36   0 0.00  0.0    0  8.3 18 220   M    M   6        23 230
10  50  31  41  17  24   0 0.00  0.0    0  9.5 14 230   M    M   0        17 260
11  49  25  37  13  28   0 0.00  0.0    0  5.8 12 310   M    M   1        18 310
12  48  30  39  15  26   0 0.00  0.0    0 12.5 17 160   M    M   0        22 170
13  56  33  45  20  20   0 0.00  0.0    0  8.9 15 310   M    M   2 1      18 260
14  45  28  37  12  28   0 0.00  0.0    0 11.9 20 320   M    M   6        30 320
15  56  25  41  15  24   0 0.00  0.0    0  7.0 14 230   M    M   1        21 230
16  55  35  45  19  20   0 0.00  0.0    0  7.3 17 350   M    M   7        27 340
17  37  26  32   5  33   0 0.00  0.0    0 15.1 31 360   M    M   0        38 360
18  43  26  35   8  30   0 0.00  0.0    0  7.0 12 330   M    M   0        16 280
19  42  25  34   6  31   0 0.00  0.0    0  8.7 13 150   M    M   5         M  M
20  50  32  41  13  24   0 0.03    M    0  9.4 13 280   M    M   8        18 280
21  38  25  32   3  33   0 0.00  0.0    0 11.3 17 340   M    M   5        25 340
22  36  22  29   0  36   0 0.00  0.0    0  4.4 12 110   M    M   3         M  M
23  37  20  29  -1  36   0 0.00  0.0    0  7.2 12 150   M    M   1         M  M
24  42  18  30   0  35   0 0.00  0.0    0  8.9 15 170   M    M   1        23 180
25  34  25  30  -1  35   0 0.10    M    0 11.9 21 270   M    M  10 1      35 260
26  33  12  23  -8  42   0 0.00  0.0    0 13.5 18 340   M    M   9        27 320
27  29   6  18 -14  47   0 0.00  0.0    0  4.1 10 360   M    M   1         M  M
28  36  10  23  -9  42   0 0.00  0.0    0  7.8 12 210   M    M   0        20 230
29  36  28  32  -1  33   0 0.03    M    0 14.5 21 310   M    M   7 1      30 300
30  50  32  41   8  24   0 0.04    M    0  9.3 16 300   M    M   4        27 290
31  54  28  41   7  24   0 0.00  0.0    0  6.6 21 290   M    M   5 1      29 290
================================================================================
SM 1197  556      1129   0  0.27     0.0 284.6          M      114
================================================================================
AV 38.6 17.9                               9.2 FASTST   M    M   4    MAX(MPH)
                                 MISC ---->    31   M               # 38  360
================================================================================
NOTES:
# LAST OF SEVERAL OCCURRENCES

COLUMN 17 PEAK WIND IN M.P.H.

PRELIMINARY LOCAL CLIMATOLOGICAL DATA (WS FORM: F-6) , PAGE 2

                                          STATION:  ANTIGO AWOS
                                          MONTH:    MARCH
                                          YEAR:     2015
                                          LATITUDE:   45  9 N
                                          LONGITUDE:  89  8 W

[TEMPERATURE DATA]      [PRECIPITATION DATA]       SYMBOLS USED IN COLUMN 16

AVERAGE MONTHLY: 28.3   TOTAL FOR MONTH:   0.27    1 = FOG OR MIST
DPTR FM NORMAL:   1.8   DPTR FM NORMAL:   -0.94    2 = FOG REDUCING VISIBILITY
HIGHEST:    56 ON 15,13 GRTST 24HR  0.10 ON 25-25      TO 1/4 MILE OR LESS
LOWEST:    -22 ON  5                               3 = THUNDER
                        SNOW, ICE PELLETS, HAIL    4 = ICE PELLETS
                        TOTAL MONTH:   0.0 INCH    5 = HAIL
                        GRTST 24HR     0.0         6 = FREEZING RAIN OR DRIZZLE
                        GRTST DEPTH:   0           7 = DUSTSTORM OR SANDSTORM:
                                                       VSBY 1/2 MILE OR LESS
                                                   8 = SMOKE OR HAZE
[NO. OF DAYS WITH]      [WEATHER - DAYS WITH]      9 = BLOWING SNOW
                                                   X = TORNADO
MAX 32 OR BELOW:   7    0.01 INCH OR MORE:   5
MAX 90 OR ABOVE:   0    0.10 INCH OR MORE:   1
MIN 32 OR BELOW:  29    0.50 INCH OR MORE:   0
MIN  0 OR BELOW:   4    1.00 INCH OR MORE:   0

[HDD (BASE 65) ]
TOTAL THIS MO.  1129    CLEAR  (SCALE 0-3)  16
DPTR FM NORMAL   -64    PTCLDY (SCALE 4-7)  12
TOTAL FM JUL 1  8335    CLOUDY (SCALE 8-10)  3
DPTR FM NORMAL   471

[CDD (BASE 65) ]
TOTAL THIS MO.     0
DPTR FM NORMAL     0    [PRESSURE DATA]
TOTAL FM JAN 1     0    HIGHEST SLP M ON M
DPTR FM NORMAL     0    LOWEST  SLP M ON M

[REMARKS]
#FINAL-03-15#
