000
CXUS54 KLCH 020310
CF6ARA
PRELIMINARY LOCAL CLIMATOLOGICAL DATA (WS FORM: F-6)

                                          STATION:   NEW IBERIA
                                          MONTH:     MARCH
                                          YEAR:      2015
                                          LATITUDE:   30  1 N
                                          LONGITUDE:  91 53 W

  TEMPERATURE IN F:       :PCPN:    SNOW:  WIND      :SUNSHINE: SKY     :PK WND
================================================================================
1   2   3   4   5  6A  6B    7    8   9   10  11  12  13   14  15   16   17  18
                                     12Z  AVG MX 2MIN
DY MAX MIN AVG DEP HDD CDD  WTR  SNW DPTH SPD SPD DIR MIN PSBL S-S WX    SPD DR
================================================================================

 1  77  56  67   8   0   2 1.53  0.0    0 12.3 22 170   M    M   9 13     28 150
 2  70  56  63   4   2   0 0.01  0.0    0  6.0 12 340   M    M   9 12     13 340
 3  80  57  69  10   0   4    T  0.0    0  9.0 21 210   M    M   9 12     27 210
 4  81  62  72  12   0   7    T  0.0    0 10.4 24 180   M    M   8 12     32 170
 5  71  33  52  -8  13   0 0.03    T    0 22.3 32 360   M    M  10 14     45 360
 6  53  30  42 -18  23   0 0.00    M    M 11.6 23  20   M    M   0        28  30
 7  67  33  50 -10  15   0 0.00    M    0  5.2 13  60   M    M   1        16 210
 8  73  46  60   0   5   0    T    M    0  5.8 14  50   M    M   7        19 110
 9  71  56  64   3   1   0 0.01  0.0    0  9.4 18 170   M    M   8 18     25 160
10  71  63  67   6   0   2 0.46  0.0    0  6.8 20 170   M    M  10 13     25 180
11  64  60  62   1   3   0 0.29  0.0    0 11.0 18  30   M    M  10 1      23  30
12  71  62  67   6   0   2 1.36  0.0    0 10.5 21 150   M    M  10 13     27 160
13  72  61  67   6   0   2 0.06  0.0    0  8.9 20 210   M    M   7 1      25 200
14  76  60  68   6   0   3 0.00  0.0    0  6.2 14 200   M    M   5 12     18 190
15  80  57  69   7   0   4    T  0.0    0  5.6 15 220   M    M   2 12     19 210
16  82  57  70   8   0   5    T  0.0    0  3.7 12 210   M    M   0 1      15 170
17  84  59  72  10   0   7 0.00  0.0    0  4.6 14 310   M    M   1 12     17 250
18  76  63  70   8   0   5    T  0.0    0  3.9  9 200   M    M   4 12     11 200
19  82  64  73  10   0   8    T  0.0    0  4.6 15 210   M    M   6 12     17 210
20  84  67  76  13   0  11 0.00  0.0    0  3.5 13 210   M    M   7 12     15 210
21  82  67  75  12   0  10 0.07  0.0    0  6.9 16 200   M    M   7 18     20 200
22  79  62  71   8   0   6    T  0.0    0  9.5 18 330   M    M   6 1      23 330
23  70  58  64   1   1   0 0.00  0.0    0 10.9 20 360   M    M   9        24 360
24  76  54  65   1   0   0 0.00  0.0    0  5.1 15 200   M    M   6        19 200
25  80  53  67   3   0   2 0.00  0.0    0  5.7 17 180   M    M   1 1      22 170
26  76  56  66   2   0   1 0.06  0.0    0  9.5 22 340   M    M   8 13     29 360
27  74  46  60  -4   5   0 0.00  0.0    0 10.0 25 360   M    M   2        32 360
28  74  48  61  -3   4   0 0.00  0.0    0  7.2 17 180   M    M   0        22 170
29  79  53  66   2   0   1 0.00  0.0    0 10.5 23 200   M    M   2 1      36 210
30  82  59  71   7   0   6 0.00  0.0    0  6.9 17 210   M    M   3 12     23 210
31  81  56  69   4   0   4    T  0.0    0  6.9 20 230   M    M   7 12     25 240
================================================================================
SM 2338 1714        72  92  3.88    T    250.4          M      174
================================================================================
AV 75.4 55.3                               8.1 FASTST   M    M   6    MAX(MPH)
                                 MISC ---->  # 32 360               # 45  360
================================================================================
NOTES:
# LAST OF SEVERAL OCCURRENCES

COLUMN 17 PEAK WIND IN M.P.H.

PRELIMINARY LOCAL CLIMATOLOGICAL DATA (WS FORM: F-6) , PAGE 2

                                          STATION:  NEW IBERIA
                                          MONTH:    MARCH
                                          YEAR:     2015
                                          LATITUDE:   30  1 N
                                          LONGITUDE:  91 53 W

[TEMPERATURE DATA]      [PRECIPITATION DATA]       SYMBOLS USED IN COLUMN 16

AVERAGE MONTHLY: 65.4   TOTAL FOR MONTH:   3.88    1 = FOG OR MIST
DPTR FM NORMAL:   3.5   DPTR FM NORMAL:    0.11    2 = FOG REDUCING VISIBILITY
HIGHEST:    84 ON 20,17 GRTST 24HR  1.53 ON  1- 1      TO 1/4 MILE OR LESS
LOWEST:     30 ON  6                               3 = THUNDER
                        SNOW, ICE PELLETS, HAIL    4 = ICE PELLETS
                        TOTAL MONTH:    T          5 = HAIL
                        GRTST 24HR    T  ON  5- 5  6 = FREEZING RAIN OR DRIZZLE
                        GRTST DEPTH:   0           7 = DUSTSTORM OR SANDSTORM:
                                                       VSBY 1/2 MILE OR LESS
                                                   8 = SMOKE OR HAZE
[NO. OF DAYS WITH]      [WEATHER - DAYS WITH]      9 = BLOWING SNOW
                                                   X = TORNADO
MAX 32 OR BELOW:   0    0.01 INCH OR MORE:  10
MAX 90 OR ABOVE:   0    0.10 INCH OR MORE:   4
MIN 32 OR BELOW:   1    0.50 INCH OR MORE:   2
MIN  0 OR BELOW:   0    1.00 INCH OR MORE:   2

[HDD (BASE 65) ]
TOTAL THIS MO.    72    CLEAR  (SCALE 0-3)  10
DPTR FM NORMAL   -76    PTCLDY (SCALE 4-7)  11
TOTAL FM JUL 1  1415    CLOUDY (SCALE 8-10) 10
DPTR FM NORMAL    51

[CDD (BASE 65) ]
TOTAL THIS MO.    92
DPTR FM NORMAL    40    [PRESSURE DATA]
TOTAL FM JAN 1    96    HIGHEST SLP 30.56 ON  6
DPTR FM NORMAL    13    LOWEST  SLP 29.84 ON 26

[REMARKS]
#FINAL-03-15#
