000
CXUS51 KCAR 010600
CF6BGR
PRELIMINARY LOCAL CLIMATOLOGICAL DATA (WS FORM: F-6)

                                          STATION:   BANGOR ME
                                          MONTH:     MARCH
                                          YEAR:      2015
                                          LATITUDE:   44 47 N
                                          LONGITUDE:  68 49 W

  TEMPERATURE IN F:       :PCPN:    SNOW:  WIND      :SUNSHINE: SKY     :PK WND
================================================================================
1   2   3   4   5  6A  6B    7    8   9   10  11  12  13   14  15   16   17  18
                                     12Z  AVG MX 2MIN
DY MAX MIN AVG DEP HDD CDD  WTR  SNW DPTH SPD SPD DIR MIN PSBL S-S WX    SPD DR
================================================================================

 1  29 -14   8 -17  57   0 0.04  0.5    M  4.7 16 170   M    M   6 1      22 190
 2  30  15  23  -2  42   0 0.07  1.0    M 10.9 33 320   M    M   8 189    42 330
 3  27   3  15 -11  50   0 0.08  1.0    M  9.8 28 320   M    M   3 1      35 320
 4  43  27  35   9  30   0 0.09  1.4    M  7.2 18 180   M    M   8 1      26 280
 5  34   5  20  -6  45   0 0.00  0.0    M 13.6 26 330   M    M   8        32 320
 6  23 -14   5 -22  60   0 0.00  0.0    M  5.8 15 190   M    M   1        19 180
 7  32  -5  14 -13  51   0 0.00  0.0    M  3.8 17 250   M    M   6        21 190
 8  34  -1  17 -10  48   0 0.00  0.0    M  3.8 14 240   M    M   5        20 270
 9  39   9  24  -4  41   0    T    T    M  6.0 28 330   M    M   6 18     35 320
10  45  15  30   2  35   0 0.00  0.0    M  7.6 21 180   M    M   7        28 190
11  51  28  40  12  25   0 0.00  0.0    M 10.4 28 320   M    M   3 1      40 330
12  37  15  26  -3  39   0 0.00  0.0    M 20.4 36 320   M    M   4        42 310
13  33  10  22  -7  43   0 0.00  0.0    M  9.1 28 320   M    M   2        34 330
14  33  23  28  -1  37   0 0.18  2.0    M  7.2 18  50   M    M  10 1468   26  50
15  32  21  27  -3  38   0 0.46  7.7    M 19.5 32 360   M    M  10 124689 40 360
16  39  11  25  -5  40   0    T    T    M 11.4 24 320   M    M   5        32 340
17  34  16  25  -5  40   0 0.10  0.8    M  9.2 44 330   M    M   9 189    57 330
18  21  13  17 -14  48   0    T    T    M 24.1 38 320   M    M   7 89     46 330
19  28  10  19 -12  46   0 0.00  0.0    M 15.4 29 320   M    M   1        35 320
20  35   2  19 -13  46   0 0.00  0.0    M  6.0 17 180   M    M   5        20 180
21  35  27  31  -1  34   0 0.10  1.0    M  6.2 14 170   M    M  10 148    17 190
22  32  11  22 -10  43   0    T  0.2    M 16.1 33 320   M    M   3 189    43 310
23  24   7  16 -17  49   0 0.00  0.0    M 13.5 23 330   M    M   2        32 330
24  39   4  22 -11  43   0 0.00  0.0    M  2.7 13  10   M    M   1        15  20
25  45   9  27  -7  38   0    T    T    M  6.3 20 170   M    M   3        27 170
26  45  34  40   6  25   0 0.27    M    M  6.2 23 200   M    M   9 1      32 210
27  46  29  38   4  27   0 0.02  0.0    M  4.4 16 330   M    M   9 1      19 330
28  36  27  32  -3  33   0 0.00  0.0    M 12.0 21  10   M    M   9        24  20
29  40  18  29  -6  36   0 0.00  0.0    M  6.9 17 330   M    M   1        21 340
30  39  26  33  -3  32   0 0.04    T    M  9.7 23 170   M    M   8 1      32 180
31  41  26  34  -2  31   0    T    T    M  9.0 17 310   M    M   5 1      24 310
================================================================================
SM 1101  407      1252   0  1.45    15.6 298.9          M      174
================================================================================
AV 35.5 13.1                               9.6 FASTST   M    M   6    MAX(MPH)
                                 MISC ---->  # 44 330               # 57  330
================================================================================
NOTES:
# LAST OF SEVERAL OCCURRENCES

COLUMN 17 PEAK WIND IN M.P.H.

PRELIMINARY LOCAL CLIMATOLOGICAL DATA (WS FORM: F-6) , PAGE 2

                                          STATION:  BANGOR ME
                                          MONTH:    MARCH
                                          YEAR:     2015
                                          LATITUDE:   44 47 N
                                          LONGITUDE:  68 49 W

[TEMPERATURE DATA]      [PRECIPITATION DATA]       SYMBOLS USED IN COLUMN 16

AVERAGE MONTHLY: 24.3   TOTAL FOR MONTH:   1.45    1 = FOG OR MIST
DPTR FM NORMAL:  -5.9   DPTR FM NORMAL:   -1.93    2 = FOG REDUCING VISIBILITY
HIGHEST:    51 ON 11    GRTST 24HR  0.46 ON 15-15      TO 1/4 MILE OR LESS
LOWEST:    -14 ON  6, 1                            3 = THUNDER
                        SNOW, ICE PELLETS, HAIL    4 = ICE PELLETS
                        TOTAL MONTH:  15.6 INCHES  5 = HAIL
                        GRTST 24HR   7.7 ON   M    6 = FREEZING RAIN OR DRIZZLE
                        GRTST DEPTH:  M  ON   M    7 = DUSTSTORM OR SANDSTORM:
                                                       VSBY 1/2 MILE OR LESS
                                                   8 = SMOKE OR HAZE
[NO. OF DAYS WITH]      [WEATHER - DAYS WITH]      9 = BLOWING SNOW
                                                   X = TORNADO
MAX 32 OR BELOW:  10    0.01 INCH OR MORE:  11
MAX 90 OR ABOVE:   0    0.10 INCH OR MORE:   5
MIN 32 OR BELOW:  30    0.50 INCH OR MORE:   0
MIN  0 OR BELOW:   4    1.00 INCH OR MORE:   0

[HDD (BASE 65) ]
TOTAL THIS MO.  1252    CLEAR  (SCALE 0-3)   7
DPTR FM NORMAL   175    PTCLDY (SCALE 4-7)  16
TOTAL FM JUL 1  7142    CLOUDY (SCALE 8-10)  8
DPTR FM NORMAL   419

[CDD (BASE 65) ]
TOTAL THIS MO.     0
DPTR FM NORMAL     0    [PRESSURE DATA]
TOTAL FM JAN 1     0    HIGHEST SLP 30.61 ON  1
DPTR FM NORMAL     0    LOWEST  SLP 29.32 ON 17

[REMARKS]
#FINAL-03-15#
