000
CXUS54 KLZK 201330
CF6BVX
PRELIMINARY LOCAL CLIMATOLOGICAL DATA (WS FORM: F-6)

                                          STATION:   Batesville Regional Airport
                                          MONTH:     APRIL
                                          YEAR:      2015
                                          LATITUDE:   35 43 N
                                          LONGITUDE:  91 39 W

  TEMPERATURE IN F:       :PCPN:    SNOW:  WIND      :SUNSHINE: SKY     :PK WND
================================================================================
1   2   3   4   5  6A  6B    7    8   9   10  11  12  13   14  15   16   17  18
                                     12Z  AVG MX 2MIN
DY MAX MIN AVG DEP HDD CDD  WTR  SNW DPTH SPD SPD DIR MIN PSBL S-S WX    SPD DR
================================================================================

 1  75  59  67  13   0   2 0.28  0.0    0  6.6 15  80   M    M   8 3       M  M
 2  73  61  67  12   0   2 0.01  0.0    0  7.5 12 210   M    M   8        20 180
 3  77  48  63   8   2   0 0.00  0.0    0 11.8 22 240   M    M   4        29 200
 4  61  39  50  -5  15   0 0.00  0.0    0  4.5  8  90   M    M   0         M  M
 5  54  36  45 -11  20   0 0.02    M    0  2.8  8 210   M    M   6         M  M
 6  72  52  62   6   3   0 0.01  0.0    0  5.2  9 190   M    M   9 3       M  M
 7  81  66  74  18   0   9 0.03  0.0    0  8.4 17 220   M    M   6 3      24 220
 8  82  66  74  17   0   9 0.00  0.0    0  8.8 18 210   M    M   2        27 210
 9  84  61  73  16   0   8 1.36  0.0    0 12.2 20 200   M    M   6 3      30 200
10  70  46  58   1   7   0 0.00  0.0    0  5.0 10 310   M    M   0        21 310
11  73  45  59   1   6   0 0.00  0.0    0  5.1 12  90   M    M   0        16 100
12  81  46  64   6   1   0 0.00  0.0    0  4.9 10 160   M    M   1        16 140
13  70  55  63   5   2   0 1.77  0.0    0  5.4 10  10   M    M   9        18  10
14  66  54  60   2   5   0 0.03  0.0    0  5.7 10  60   M    M  10         M  M
15  64  57  61   2   4   0 0.09  0.0    0  4.6 12 100   M    M  10         M  M
16  75  59  67   8   0   2 0.01  0.0    0  3.5  9 100   M    M   5         M  M
17  73  55  64   5   1   0 0.00  0.0    0  3.0  8 170   M    M   5         M  M
18  75  57  66   6   0   1 0.66  0.0    0  2.8  9  90   M    M   8         M  M
19  81  55  68   8   0   3 0.20  0.0    0  5.5 12 260   M    M   5 3      17 290
================================================================================
SM 1387 1017        66  36  4.47     0.0 113.3          M      102
================================================================================
AV 73.0 53.5                               6.0 FASTST   M    M   5    MAX(MPH)
                                 MISC ---->    22   M                 30    M
================================================================================
NOTES:
# LAST OF SEVERAL OCCURRENCES

COLUMN 17 PEAK WIND IN M.P.H.

PRELIMINARY LOCAL CLIMATOLOGICAL DATA (WS FORM: F-6) , PAGE 2

                                          STATION:  Batesville Regional Airport
                                          MONTH:    APRIL
                                          YEAR:     2015
                                          LATITUDE:   35 43 N
                                          LONGITUDE:  91 39 W

[TEMPERATURE DATA]      [PRECIPITATION DATA]       SYMBOLS USED IN COLUMN 16

AVERAGE MONTHLY: 63.3   TOTAL FOR MONTH:   4.47    1 = FOG OR MIST
DPTR FM NORMAL:   6.1   DPTR FM NORMAL:    1.68    2 = FOG REDUCING VISIBILITY
HIGHEST:    84 ON  9    GRTST 24HR  1.77 ON 13-13      TO 1/4 MILE OR LESS
LOWEST:     36 ON  5                               3 = THUNDER
                        SNOW, ICE PELLETS, HAIL    4 = ICE PELLETS
                        TOTAL MONTH:   0.0 INCH    5 = HAIL
                        GRTST 24HR     0.0         6 = FREEZING RAIN OR DRIZZLE
                        GRTST DEPTH:   0           7 = DUSTSTORM OR SANDSTORM:
                                                       VSBY 1/2 MILE OR LESS
                                                   8 = SMOKE OR HAZE
[NO. OF DAYS WITH]      [WEATHER - DAYS WITH]      9 = BLOWING SNOW
                                                   X = TORNADO
MAX 32 OR BELOW:   0    0.01 INCH OR MORE:  12
MAX 90 OR ABOVE:   0    0.10 INCH OR MORE:   5
MIN 32 OR BELOW:   0    0.50 INCH OR MORE:   3
MIN  0 OR BELOW:   0    1.00 INCH OR MORE:   2

[HDD (BASE 65) ]
TOTAL THIS MO.    66    CLEAR  (SCALE 0-3)   5
DPTR FM NORMAL   -97    PTCLDY (SCALE 4-7)   9
TOTAL FM JUL 1  3585    CLOUDY (SCALE 8-10)  5
DPTR FM NORMAL  -105

[CDD (BASE 65) ]
TOTAL THIS MO.    36
DPTR FM NORMAL    18    [PRESSURE DATA]
TOTAL FM JAN 1    41    HIGHEST SLP M ON M
DPTR FM NORMAL    18    LOWEST  SLP M ON M

[REMARKS]
