000
CXUS55 KLOX 261655
CF6CMA
PRELIMINARY LOCAL CLIMATOLOGICAL DATA (WS FORM: F-6)

                                          STATION:   CAMARILLO AIRPORT CA
                                          MONTH:     APRIL
                                          YEAR:      2015
                                          LATITUDE:   34 12 N
                                          LONGITUDE: 119  6 W

  TEMPERATURE IN F:       :PCPN:    SNOW:  WIND      :SUNSHINE: SKY     :PK WND
================================================================================
1   2   3   4   5  6A  6B    7    8   9   10  11  12  13   14  15   16   17  18
                                     12Z  AVG MX 2MIN
DY MAX MIN AVG DEP HDD CDD  WTR  SNW DPTH SPD SPD DIR MIN PSBL S-S WX    SPD DR
================================================================================

 1  74  49  62   4   3   0 0.00  0.0    0  6.0 15 230   M    M   0        20 240
 2  74  47  61   3   4   0 0.00  0.0    0  5.4 21 270   M    M   0        24 250
 3  86  48  67   9   0   2 0.00  0.0    0  6.4 23  70   M    M   0        29  80
 4  79  49  64   6   1   0 0.00  0.0    0  5.3 14 240   M    M   0        18 240
 5  69  48  59   1   6   0 0.00  0.0    0  7.0 18 260   M    M   1        23 260
 6  65  47  56  -2   9   0 0.00  0.0    0  7.5 18 280   M    M   1        23 260
 7  65  44  55  -3  10   0 0.07    M    0  6.8 21 190   M    M   5 1      26 200
 8  67  41  54  -4  11   0 0.00  0.0    0  6.5 20 270   M    M   0        23 270
 9  71  45  58   0   7   0 0.00  0.0    0  5.4 15 220   M    M   0        20 240
10  69  44  57  -1   8   0 0.00  0.0    0  4.9 15 230   M    M   0        20 230
11  69  46  58   0   7   0 0.00  0.0    0  5.0 15 220   M    M   0        20 210
12  72  47  60   2   5   0 0.00  0.0    0  5.2 15 230   M    M   0        19 210
13  70  49  60   2   5   0 0.00  0.0    0  5.1 14 260   M    M   1 8      17 220
14  72  53  63   5   2   0 0.00  0.0    0  4.9 15 230   M    M   3 18     18 230
15  83  47  65   7   0   0 0.00  0.0    0 12.5 31  70   M    M   0        38  60
16  82  50  66   8   0   1 0.00  0.0    0 13.0 31  80   M    M   0        37  80
17  82  45  64   6   1   0 0.00  0.0    0  5.9 18 260   M    M   0        23 260
18  73  48  61   3   4   0 0.00  0.0    0  5.9 15 240   M    M   0 18     21 220
19  70  49  60   2   5   0 0.00  0.0    0  4.6 14 260   M    M   3 18     18 240
20  67  52  60   1   5   0 0.00  0.0    0  5.6 16 220   M    M   4 18     21 230
21  68  56  62   3   3   0 0.00  0.0    0  3.5 14 210   M    M  10 8      20 220
22  68  53  61   2   4   0 0.00  0.0    0  5.8 15 200   M    M   5        19 210
23  69  56  63   4   2   0 0.04  0.0    0  5.2 14 240   M    M   8        19 260
24  66  54  60   1   5   0 0.00  0.0    0  4.0 13 270   M    M   8        15 270
25  68  50  59   0   6   0 0.01  0.0    0 11.6 33 270   M    M   3 18     39 270
================================================================================
SM 1798 1217       113   3  0.12     0.0 159.0          M       52
================================================================================
AV 71.9 48.7                               6.4 FASTST   M    M   2    MAX(MPH)
                                 MISC ---->  # 33 270               # 39  270
================================================================================
NOTES:
# LAST OF SEVERAL OCCURRENCES

COLUMN 17 PEAK WIND IN M.P.H.

PRELIMINARY LOCAL CLIMATOLOGICAL DATA (WS FORM: F-6) , PAGE 2

                                          STATION:  CAMARILLO AIRPORT CA
                                          MONTH:    APRIL
                                          YEAR:     2015
                                          LATITUDE:   34 12 N
                                          LONGITUDE: 119  6 W

[TEMPERATURE DATA]      [PRECIPITATION DATA]       SYMBOLS USED IN COLUMN 16

AVERAGE MONTHLY: 60.3   TOTAL FOR MONTH:   0.12    1 = FOG OR MIST
DPTR FM NORMAL:   2.1   DPTR FM NORMAL:   -0.52    2 = FOG REDUCING VISIBILITY
HIGHEST:    86 ON  3    GRTST 24HR  0.07 ON  7- 7      TO 1/4 MILE OR LESS
LOWEST:     41 ON  8                               3 = THUNDER
                        SNOW, ICE PELLETS, HAIL    4 = ICE PELLETS
                        TOTAL MONTH:   0.0 INCH    5 = HAIL
                        GRTST 24HR     0.0         6 = FREEZING RAIN OR DRIZZLE
                        GRTST DEPTH:   0           7 = DUSTSTORM OR SANDSTORM:
                                                       VSBY 1/2 MILE OR LESS
                                                   8 = SMOKE OR HAZE
[NO. OF DAYS WITH]      [WEATHER - DAYS WITH]      9 = BLOWING SNOW
                                                   X = TORNADO
MAX 32 OR BELOW:   0    0.01 INCH OR MORE:   3
MAX 90 OR ABOVE:   0    0.10 INCH OR MORE:   0
MIN 32 OR BELOW:   0    0.50 INCH OR MORE:   0
MIN  0 OR BELOW:   0    1.00 INCH OR MORE:   0

[HDD (BASE 65) ]
TOTAL THIS MO.   113    CLEAR  (SCALE 0-3)  19
DPTR FM NORMAL   -64    PTCLDY (SCALE 4-7)   5
TOTAL FM JUL 1   861    CLOUDY (SCALE 8-10)  1
DPTR FM NORMAL  -929

[CDD (BASE 65) ]
TOTAL THIS MO.     3
DPTR FM NORMAL     3    [PRESSURE DATA]
TOTAL FM JAN 1    98    HIGHEST SLP M ON M
DPTR FM NORMAL    85    LOWEST  SLP 29.78 ON 20

[REMARKS]
