000
CXUS51 KGYX 251000
CF6CON
PRELIMINARY LOCAL CLIMATOLOGICAL DATA (WS FORM: F-6)

                                          STATION:   CONCORD NH
                                          MONTH:     APRIL
                                          YEAR:      2015
                                          LATITUDE:   43 12 N
                                          LONGITUDE:  71 30 W

  TEMPERATURE IN F:       :PCPN:    SNOW:  WIND      :SUNSHINE: SKY     :PK WND
================================================================================
1   2   3   4   5  6A  6B    7    8   9   10  11  12  13   14  15   16   17  18
                                     12Z  AVG MX 2MIN
DY MAX MIN AVG DEP HDD CDD  WTR  SNW DPTH SPD SPD DIR MIN PSBL S-S WX    SPD DR
================================================================================

 1  43  22  33  -6  32   0 0.00  0.0    6  8.1 22 300   M    M   0 8      31 350
 2  60  19  40   0  25   0 0.00  0.0    6  5.8 17 180   M    M   3        25 210
 3  65  42  54  14  11   0    T  0.0    6  4.7 15 200   M    M   5        23 200
 4  48  23  36  -4  29   0 0.06  0.0    5 11.5 32 320   M    M   5 1      45 290
 5  46  24  35  -6  30   0 0.00  0.0    4  9.8 28 270   M    M   1        37 290
 6  47  23  35  -6  30   0 0.00  0.0    3  3.8 12  90   M    M   4        16 120
 7  50  30  40  -2  25   0 0.00  0.0    2  3.3 10 180   M    M   8        12 170
 8  44  24  34  -8  31   0 0.44  2.0    1  4.9 15  60   M    M   5 1      21  70
 9  37  30  34  -8  31   0 0.05  0.1    2  6.5 14  90   M    M  10 16     19  90
10  44  33  39  -4  26   0 0.31  0.0    2  2.6  9 110   M    M  10 12     13 120
11  52  34  43   0  22   0 0.00  0.0    1 13.6 30 290   M    M   4        43 300
12  68  27  48   4  17   0 0.00  0.0    0  4.9 18 280   M    M   0        24 270
13  74  27  51   7  14   0 0.00  0.0    0  7.0 20 190   M    M   0        26 200
14  69  37  53   9  12   0    T  0.0    0  8.0 25 300   M    M   3        32 300
15  64  29  47   2  18   0 0.00  0.0    0  9.1 25 300   M    M   0        33 290
16  68  27  48   3  17   0 0.00  0.0    0  5.1 16 180   M    M   0 8      21 170
17  67  41  54   8  11   0 0.08    M    0  5.6 16 200   M    M   5 1      23 210
18  66  36  51   5  14   0 0.03    M    0  5.2 20 320   M    M   2 1      27 320
19  64  37  51   5  14   0 0.00  0.0    0  6.3 17 320   M    M   0        22 330
20  47  38  43  -4  22   0 0.84  0.0    0  7.1 20 100   M    M   7 1      29  90
21  63  35  49   2  16   0 0.41  0.0    0  6.3 21 280   M    M   7 1      27 280
22  66  30  48   0  17   0 0.01    M    0  7.7 26 210   M    M   8 12     40 210
23  49  29  39  -9  26   0    T    M    0  8.3 21 280   M    M   7        29 280
24  49  28  39  -9  26   0 0.00  0.0    0 11.5 23 300   M    M   9        35 290
================================================================================
SM 1350  725       516   0  2.23     2.1 166.7          M      103
================================================================================
AV 56.2 30.2                               6.9 FASTST   M    M   4    MAX(MPH)
                                 MISC ---->  # 32 320               # 45  290
================================================================================
NOTES:
# LAST OF SEVERAL OCCURRENCES

COLUMN 17 PEAK WIND IN M.P.H.

PRELIMINARY LOCAL CLIMATOLOGICAL DATA (WS FORM: F-6) , PAGE 2

                                          STATION:  CONCORD NH
                                          MONTH:    APRIL
                                          YEAR:     2015
                                          LATITUDE:   43 12 N
                                          LONGITUDE:  71 30 W

[TEMPERATURE DATA]      [PRECIPITATION DATA]       SYMBOLS USED IN COLUMN 16

AVERAGE MONTHLY: 43.2   TOTAL FOR MONTH:   2.23    1 = FOG OR MIST
DPTR FM NORMAL:  -0.6   DPTR FM NORMAL:   -0.49    2 = FOG REDUCING VISIBILITY
HIGHEST:    74 ON 13    GRTST 24HR  1.25 ON 20-21      TO 1/4 MILE OR LESS
LOWEST:     19 ON  2                               3 = THUNDER
                        SNOW, ICE PELLETS, HAIL    4 = ICE PELLETS
                        TOTAL MONTH:   2.1 INCHES  5 = HAIL
                        GRTST 24HR   2.0 ON  8- 8  6 = FREEZING RAIN OR DRIZZLE
                        GRTST DEPTH:   6 ON  3, 2  7 = DUSTSTORM OR SANDSTORM:
                                                       VSBY 1/2 MILE OR LESS
                                                   8 = SMOKE OR HAZE
[NO. OF DAYS WITH]      [WEATHER - DAYS WITH]      9 = BLOWING SNOW
                                                   X = TORNADO
MAX 32 OR BELOW:   0    0.01 INCH OR MORE:   9
MAX 90 OR ABOVE:   0    0.10 INCH OR MORE:   4
MIN 32 OR BELOW:  15    0.50 INCH OR MORE:   1
MIN  0 OR BELOW:   0    1.00 INCH OR MORE:   0

[HDD (BASE 65) ]
TOTAL THIS MO.   516    CLEAR  (SCALE 0-3)  10
DPTR FM NORMAL     8    PTCLDY (SCALE 4-7)  10
TOTAL FM JUL 1  7118    CLOUDY (SCALE 8-10)  4
DPTR FM NORMAL   363

[CDD (BASE 65) ]
TOTAL THIS MO.     0
DPTR FM NORMAL     0    [PRESSURE DATA]
TOTAL FM JAN 1     0    HIGHEST SLP M ON M
DPTR FM NORMAL     0    LOWEST  SLP 29.44 ON  4

[REMARKS]
