000
CXUS56 KOTX 190900
CF6DEW
PRELIMINARY LOCAL CLIMATOLOGICAL DATA (WS FORM: F-6)

                                          STATION:   DEER_PARK WA AIRPORT
                                          MONTH:     APRIL
                                          YEAR:      2015
                                          LATITUDE:   47 58 N
                                          LONGITUDE: 117 25 W

  TEMPERATURE IN F:       :PCPN:    SNOW:  WIND      :SUNSHINE: SKY     :PK WND
================================================================================
1   2   3   4   5  6A  6B    7    8   9   10  11  12  13   14  15   16   17  18
                                     12Z  AVG MX 2MIN
DY MAX MIN AVG DEP HDD CDD  WTR  SNW DPTH SPD SPD DIR MIN PSBL S-S WX    SPD DR
================================================================================

 1  49  24  37  -5  28   0 0.03    M    M  5.0 22 310   M    M   3 3      28 310
 2  52  20  36  -6  29   0    T    M    M  3.5 21  20   M    M   3 1      25 360
 3  54  25  40  -3  25   0 0.00    M    M  4.9 16 150   M    M   3        21 170
 4  53  30  42  -1  23   0    T    M    M  7.3 17 200   M    M   4        21 200
 5  56  25  41  -2  24   0    T    M    M  7.0 17  40   M    M   2 8      29  60
 6  44  28  36  -7  29   0 0.42    M    M  6.3 17  30   M    M   9 12     25  20
 7  55  29  42  -1  23   0 0.00    M    M  9.0 17  40   M    M   2        22  40
 8  60  29  45   1  20   0 0.00    M    M  5.6 13  20   M    M   4        17  10
 9  59  27  43  -1  22   0 0.00    M    M  3.5 18 230   M    M   3 8      20 220
10  62  29  46   2  19   0    T    M    M  6.6 20 210   M    M   2        26 220
11  54  36  45   1  20   0    T    M    M 15.7 29 220   M    M   5        35 250
12  52  31  42  -2  23   0 0.00    M    M 10.2 22 220   M    M   3        26 220
13  62  27  45   1  20   0 0.15    M    M  6.4 22 260   M    M   5 1      29 260
14  50  25  38  -6  27   0 0.17    M    M  8.9 22 320   M    M   7 1      29 330
15  56  21  39  -6  26   0 0.00    M    M  5.5 15 220   M    M   0        19 250
16  62  24  43  -2  22   0 0.00    M    M  1.9 10 200   M    M   0        17 170
17  69  27  48   3  17   0 0.00    M    M  4.7 17 220   M    M   0        21 250
18  68  34  51   6  14   0 0.00    M    M  6.9 17 310   M    M   0 8      22 290
================================================================================
SM 1017  491       411   0  0.77    M    118.9          M       55
================================================================================
AV 56.5 27.3                               6.6 FASTST   M    M   3    MAX(MPH)
                                 MISC ---->  # 29 220               # 35  250
================================================================================
NOTES:
# LAST OF SEVERAL OCCURRENCES

COLUMN 17 PEAK WIND IN M.P.H.

PRELIMINARY LOCAL CLIMATOLOGICAL DATA (WS FORM: F-6) , PAGE 2

                                          STATION:  DEER_PARK WA AIRPORT
                                          MONTH:    APRIL
                                          YEAR:     2015
                                          LATITUDE:   47 58 N
                                          LONGITUDE: 117 25 W

[TEMPERATURE DATA]      [PRECIPITATION DATA]       SYMBOLS USED IN COLUMN 16

AVERAGE MONTHLY: 41.9   TOTAL FOR MONTH:   0.77    1 = FOG OR MIST
DPTR FM NORMAL:  -1.8   DPTR FM NORMAL:   -0.30    2 = FOG REDUCING VISIBILITY
HIGHEST:    69 ON 17    GRTST 24HR  0.42 ON  5- 6      TO 1/4 MILE OR LESS
LOWEST:     20 ON  2                               3 = THUNDER
                        SNOW, ICE PELLETS, HAIL    4 = ICE PELLETS
                        TOTAL MONTH:    M          5 = HAIL
                        GRTST 24HR    M  ON   M    6 = FREEZING RAIN OR DRIZZLE
                        GRTST DEPTH:  M  ON   M    7 = DUSTSTORM OR SANDSTORM:
                                                       VSBY 1/2 MILE OR LESS
                                                   8 = SMOKE OR HAZE
[NO. OF DAYS WITH]      [WEATHER - DAYS WITH]      9 = BLOWING SNOW
                                                   X = TORNADO
MAX 32 OR BELOW:   0    0.01 INCH OR MORE:   4
MAX 90 OR ABOVE:   0    0.10 INCH OR MORE:   3
MIN 32 OR BELOW:  16    0.50 INCH OR MORE:   0
MIN  0 OR BELOW:   0    1.00 INCH OR MORE:   0

[HDD (BASE 65) ]
TOTAL THIS MO.   411    CLEAR  (SCALE 0-3)  11
DPTR FM NORMAL    27    PTCLDY (SCALE 4-7)   6
TOTAL FM JUL 1  5668    CLOUDY (SCALE 8-10)  1
DPTR FM NORMAL  -923

[CDD (BASE 65) ]
TOTAL THIS MO.     0
DPTR FM NORMAL     0    [PRESSURE DATA]
TOTAL FM JAN 1     0    HIGHEST SLP M ON M
DPTR FM NORMAL     0    LOWEST  SLP  0.00 ON M

[REMARKS]
