000
CXUS56 KOTX 251500
CF6EPH
PRELIMINARY LOCAL CLIMATOLOGICAL DATA (WS FORM: F-6)

                                          STATION:   EPHRATA WA AIRPORT
                                          MONTH:     APRIL
                                          YEAR:      2015
                                          LATITUDE:   47 18 N
                                          LONGITUDE: 119 31 W

  TEMPERATURE IN F:       :PCPN:    SNOW:  WIND      :SUNSHINE: SKY     :PK WND
================================================================================
1   2   3   4   5  6A  6B    7    8   9   10  11  12  13   14  15   16   17  18
                                     12Z  AVG MX 2MIN
DY MAX MIN AVG DEP HDD CDD  WTR  SNW DPTH SPD SPD DIR MIN PSBL S-S WX    SPD DR
================================================================================

 1  60  39  50   3  15   0 0.00    M    M 13.8 26 280   M    M   3        32 280
 2  59  38  49   1  16   0 0.00    M    M  8.1 21 320   M    M   2        27 320
 3  58  33  46  -2  19   0 0.00    M    M  8.7 24 250   M    M   2        28 260
 4  58  32  45  -3  20   0 0.00    M    M  6.2 15 200   M    M   0        21 200
 5  55  31  43  -5  22   0    T    M    M  7.6 17 280   M    M   4        20 280
 6  49  36  43  -5  22   0 0.50    M    M  8.3 17 330   M    M   6 1      21 330
 7  60  36  48   0  17   0 0.00    M    M 14.0 22 340   M    M   5        26 330
 8  63  46  55   6  10   0    T    M    M  9.4 18 320   M    M   5        23 260
 9  63  35  49   0  16   0    T    M    M  5.3 13 180   M    M   2        19 190
10  62  38  50   1  15   0 0.00    M    M  9.8 23 230   M    M   2        28 230
11  59  35  47  -2  18   0 0.00    M    M 16.1 30 250   M    M   1        36 240
12  58  26  42  -7  23   0 0.00    M    M  8.3 21 240   M    M   2        27 250
13  58  39  49  -1  16   0 0.00    M    M  8.2 23 300   M    M   5        29 310
14  60  44  52   2  13   0 0.00    M    M 20.6 33 300   M    M   2        42 300
15  61  38  50   0  15   0 0.00    M    M  9.7 22 320   M    M   0        27 320
16  65  32  49  -1  16   0 0.00    M    M  4.4 12 220   M    M   0        14 150
17  74  38  56   6   9   0 0.00    M    M  8.8 28 320   M    M   0        32 320
18  73  47  60   9   5   0 0.00    M    M  8.8 24 320   M    M   0        28 320
19  74  45  60   9   5   0 0.00    M    M  6.1 14 320   M    M   0        17 170
20  77  42  60   9   5   0 0.00    M    M  4.8 13 180   M    M   0 8      16 220
21  78  44  61   9   4   0 0.00    M    M  9.2 26 300   M    M   0        34 290
22  67  44  56   4   9   0 0.00    M    M 12.4 33 300   M    M   0        38 300
23  61  34  48  -4  17   0 0.00    M    M  7.6 17 160   M    M   3        22 180
24  62  35  49  -3  16   0 0.00    M    M  9.4 22 240   M    M   3        25 240
================================================================================
SM 1514  907       343   0  0.50    M    225.6          M       47
================================================================================
AV 63.1 37.8                               9.4 FASTST   M    M   2    MAX(MPH)
                                 MISC ---->  # 33 300               # 42  300
================================================================================
NOTES:
# LAST OF SEVERAL OCCURRENCES

COLUMN 17 PEAK WIND IN M.P.H.

PRELIMINARY LOCAL CLIMATOLOGICAL DATA (WS FORM: F-6) , PAGE 2

                                          STATION:  EPHRATA WA AIRPORT
                                          MONTH:    APRIL
                                          YEAR:     2015
                                          LATITUDE:   47 18 N
                                          LONGITUDE: 119 31 W

[TEMPERATURE DATA]      [PRECIPITATION DATA]       SYMBOLS USED IN COLUMN 16

AVERAGE MONTHLY: 50.4   TOTAL FOR MONTH:   0.50    1 = FOG OR MIST
DPTR FM NORMAL:   0.8   DPTR FM NORMAL:    0.10    2 = FOG REDUCING VISIBILITY
HIGHEST:    78 ON 21    GRTST 24HR  0.50 ON  6- 6      TO 1/4 MILE OR LESS
LOWEST:     26 ON 12                               3 = THUNDER
                        SNOW, ICE PELLETS, HAIL    4 = ICE PELLETS
                        TOTAL MONTH:    M          5 = HAIL
                        GRTST 24HR    M  ON   M    6 = FREEZING RAIN OR DRIZZLE
                        GRTST DEPTH:  M  ON   M    7 = DUSTSTORM OR SANDSTORM:
                                                       VSBY 1/2 MILE OR LESS
                                                   8 = SMOKE OR HAZE
[NO. OF DAYS WITH]      [WEATHER - DAYS WITH]      9 = BLOWING SNOW
                                                   X = TORNADO
MAX 32 OR BELOW:   0    0.01 INCH OR MORE:   1
MAX 90 OR ABOVE:   0    0.10 INCH OR MORE:   1
MIN 32 OR BELOW:   4    0.50 INCH OR MORE:   1
MIN  0 OR BELOW:   0    1.00 INCH OR MORE:   0

[HDD (BASE 65) ]
TOTAL THIS MO.   343    CLEAR  (SCALE 0-3)  18
DPTR FM NORMAL   -26    PTCLDY (SCALE 4-7)   6
TOTAL FM JUL 1  4541    CLOUDY (SCALE 8-10)  0
DPTR FM NORMAL -1085

[CDD (BASE 65) ]
TOTAL THIS MO.     0
DPTR FM NORMAL     0    [PRESSURE DATA]
TOTAL FM JAN 1     0    HIGHEST SLP M ON M
DPTR FM NORMAL     0    LOWEST  SLP  0.00 ON M

[REMARKS]
