000
CXUS54 KMAF 201100
CF6FST
PRELIMINARY LOCAL CLIMATOLOGICAL DATA (WS FORM: F-6)

                                          STATION:   Fort Stockton
                                          MONTH:     APRIL
                                          YEAR:      2015
                                          LATITUDE:   30 55 N
                                          LONGITUDE: 102 55 W

  TEMPERATURE IN F:       :PCPN:    SNOW:  WIND      :SUNSHINE: SKY     :PK WND
================================================================================
1   2   3   4   5  6A  6B    7    8   9   10  11  12  13   14  15   16   17  18
                                     12Z  AVG MX 2MIN
DY MAX MIN AVG DEP HDD CDD  WTR  SNW DPTH SPD SPD DIR MIN PSBL S-S WX    SPD DR
================================================================================

 1  86  57  72   8   0   7 0.00  0.0    0 10.9 23 200   M    M   1        29 200
 2  90  60  75  11   0  10 0.00  0.0    0 12.3 23 230   M    M   0        29 250
 3  72  57  65   1   0   0 0.00  0.0    0 12.3 23 350   M    M   3 8      27 350
 4  58  50  54 -11  11   0 0.00  0.0    0 12.3 20 110   M    M   5        25 120
 5  83  48  66   1   0   1    T    M    0  7.9 22 170   M    M   0        30 170
 6  89  59  74   9   0   9 0.00  0.0    0 10.4 22 150   M    M   0        28 140
 7  90  58  74   8   0   9 0.00  0.0    0 10.6 24 140   M    M   0        30 150
 8  90  63  77  11   0  12    T  0.0    0 13.2 43 220   M    M   0 18     53 230
 9  80  57  69   3   0   4 0.00  0.0    0  9.8 22 340   M    M   0        29 330
10  79  55  67   1   0   2 0.02  0.0    0 14.3 30 150   M    M   0        42 160
11  84  60  72   5   0   7 0.00  0.0    0 11.7 26 150   M    M   1        34 150
12  83  56  70   3   0   5 0.16  0.0    0 10.8 38 230   M    M   0 13     44 220
13  70  52  61  -6   4   0 0.17  0.0    0 12.3 25 290   M    M   7 1      32 280
14  63  48  56 -11   9   0 0.03    M    0  6.9 17  10   M    M   8 1      22  20
15  82  47  65  -3   0   0    T  0.0    0  8.5 18 160   M    M   0 3      26 190
16  81  60  71   3   0   6    T  0.0    0 12.9 44 230   M    M   2 3      65 240
17  79  53  66  -2   0   1 0.00  0.0    0  8.7 17 210   M    M   1        29 210
18  81  54  68   0   0   3 0.00  0.0    0  8.5 18 270   M    M   2        25 310
19  78  53  66  -3   0   1 0.00  0.0    0  9.0 18 330   M    M   0        34 340
================================================================================
SM 1518 1047        24  77  0.38     0.0 203.3          M       30
================================================================================
AV 79.9 55.1                              10.7 FASTST   M    M   2    MAX(MPH)
                                 MISC ---->  # 44 230               # 65  240
================================================================================
NOTES:
# LAST OF SEVERAL OCCURRENCES

COLUMN 17 PEAK WIND IN M.P.H.

PRELIMINARY LOCAL CLIMATOLOGICAL DATA (WS FORM: F-6) , PAGE 2

                                          STATION:  Fort Stockton
                                          MONTH:    APRIL
                                          YEAR:     2015
                                          LATITUDE:   30 55 N
                                          LONGITUDE: 102 55 W

[TEMPERATURE DATA]      [PRECIPITATION DATA]       SYMBOLS USED IN COLUMN 16

AVERAGE MONTHLY: 67.5   TOTAL FOR MONTH:   0.38    1 = FOG OR MIST
DPTR FM NORMAL:   1.2   DPTR FM NORMAL:   -0.22    2 = FOG REDUCING VISIBILITY
HIGHEST:    90 ON  8, 7 GRTST 24HR  0.20 ON 13-14      TO 1/4 MILE OR LESS
LOWEST:     47 ON 15                               3 = THUNDER
                        SNOW, ICE PELLETS, HAIL    4 = ICE PELLETS
                        TOTAL MONTH:   0.0 INCH    5 = HAIL
                        GRTST 24HR     0.0         6 = FREEZING RAIN OR DRIZZLE
                        GRTST DEPTH:   0           7 = DUSTSTORM OR SANDSTORM:
                                                       VSBY 1/2 MILE OR LESS
                                                   8 = SMOKE OR HAZE
[NO. OF DAYS WITH]      [WEATHER - DAYS WITH]      9 = BLOWING SNOW
                                                   X = TORNADO
MAX 32 OR BELOW:   0    0.01 INCH OR MORE:   4
MAX 90 OR ABOVE:   3    0.10 INCH OR MORE:   2
MIN 32 OR BELOW:   0    0.50 INCH OR MORE:   0
MIN  0 OR BELOW:   0    1.00 INCH OR MORE:   0

[HDD (BASE 65) ]
TOTAL THIS MO.    24    CLEAR  (SCALE 0-3)  16
DPTR FM NORMAL   -30    PTCLDY (SCALE 4-7)   3
TOTAL FM JUL 1  2195    CLOUDY (SCALE 8-10)  0
DPTR FM NORMAL   275

[CDD (BASE 65) ]
TOTAL THIS MO.    77
DPTR FM NORMAL    -1    [PRESSURE DATA]
TOTAL FM JAN 1   128    HIGHEST SLP M ON M
DPTR FM NORMAL     1    LOWEST  SLP 29.59 ON  8

[REMARKS]
